{"id":25,"date":"2021-01-21T13:27:02","date_gmt":"2021-01-21T13:27:02","guid":{"rendered":"https:\/\/selariarosario.com.br\/atacado\/?page_id=25"},"modified":"2021-02-05T18:19:47","modified_gmt":"2021-02-05T18:19:47","slug":"quem-somos","status":"publish","type":"page","link":"https:\/\/selariarosario.com.br\/atacado\/quem-somos\/","title":{"rendered":"Quem Somos"},"content":{"rendered":"\n<p>A Selaria Ros\u00e1rio \u00e9 empresa fundada em 1972. Seu diretor, Sr. In\u00e1cio Livramento de Souza desde sua adolesc\u00eancia j\u00e1 tomava gosto ao viajar em tropas acompanhado de seu saudoso pai Pedro Moreira de Souza. Por isso seu, vasto conhecimento pr\u00e1tico para assim atender \u00e0s necessidades do homem do campo.<\/p>\n\n\n\n<p>A empresa desde sempre primou pela excel\u00eancia na qualidade, conta com profissionais qualificados, mat\u00e9rias-primas selecionadas \u00e0 produ\u00e7\u00e3o final dos produtos para pecu\u00e1ria, equita\u00e7\u00e3o, dentre outros cada vez mais sofisticados para atender satisfatoriamente o consumidor final em todo pa\u00eds.<\/p>\n\n\n\n<p>Desde ent\u00e3o, desenvolve-se a cada dia em perfeita sintonia com as tend\u00eancias do mercado, se preocupando com o meio ambiente, dando destina\u00e7\u00e3o correta aos res\u00edduos produzidos, n\u00e3o causando polui\u00e7\u00e3o ambiental.<\/p>\n\n\n\n<p>Aqui, produzimos com qualidade e preservamos nosso planeta para as gera\u00e7\u00f5es futuras.<\/p>\n","protected":false},"excerpt":{"rendered":"<p>A Selaria Ros\u00e1rio \u00e9 empresa fundada em 1972. Seu diretor, Sr. In\u00e1cio Livramento de Souza desde sua adolesc\u00eancia j\u00e1 tomava gosto ao viajar em tropas acompanhado de seu saudoso pai Pedro Moreira de Souza. Por isso seu, vasto conhecimento pr\u00e1tico para assim atender \u00e0s necessidades do homem do campo. A empresa desde sempre primou pela [&hellip;]<\/p>\n","protected":false},"author":1,"featured_media":340,"parent":0,"menu_order":0,"comment_status":"closed","ping_status":"closed","template":"","meta":[],"yoast_head":"<!-- This site is optimized with the Yoast SEO plugin v16.7 - https:\/\/yoast.com\/wordpress\/plugins\/seo\/ -->\n<title>Quem Somos - Selaria Rosario<\/title>\n<meta name=\"robots\" content=\"index, follow, max-snippet:-1, max-image-preview:large, max-video-preview:-1\" \/>\n<link rel=\"canonical\" href=\"https:\/\/selariarosario.com.br\/atacado\/quem-somos\/\" \/>\n<meta property=\"og:locale\" content=\"pt_BR\" \/>\n<meta property=\"og:type\" content=\"article\" \/>\n<meta property=\"og:title\" content=\"Quem Somos - Selaria Rosario\" \/>\n<meta property=\"og:description\" content=\"A Selaria Ros\u00e1rio \u00e9 empresa fundada em 1972. Seu diretor, Sr. In\u00e1cio Livramento de Souza desde sua adolesc\u00eancia j\u00e1 tomava gosto ao viajar em tropas acompanhado de seu saudoso pai Pedro Moreira de Souza. Por isso seu, vasto conhecimento pr\u00e1tico para assim atender \u00e0s necessidades do homem do campo. A empresa desde sempre primou pela [&hellip;]\" \/>\n<meta property=\"og:url\" content=\"https:\/\/selariarosario.com.br\/atacado\/quem-somos\/\" \/>\n<meta property=\"og:site_name\" content=\"Selaria Rosario\" \/>\n<meta property=\"article:modified_time\" content=\"2021-02-05T18:19:47+00:00\" \/>\n<meta name=\"twitter:card\" content=\"summary_large_image\" \/>\n<meta name=\"twitter:label1\" content=\"Est. tempo de leitura\" \/>\n\t<meta name=\"twitter:data1\" content=\"1 minuto\" \/>\n<script type=\"application\/ld+json\" class=\"yoast-schema-graph\">{\"@context\":\"https:\/\/schema.org\",\"@graph\":[{\"@type\":\"WebSite\",\"@id\":\"https:\/\/selariarosario.com.br\/atacado\/#website\",\"url\":\"https:\/\/selariarosario.com.br\/atacado\/\",\"name\":\"Selaria Rosario\",\"description\":\"\",\"potentialAction\":[{\"@type\":\"SearchAction\",\"target\":{\"@type\":\"EntryPoint\",\"urlTemplate\":\"https:\/\/selariarosario.com.br\/atacado\/?s={search_term_string}\"},\"query-input\":\"required name=search_term_string\"}],\"inLanguage\":\"pt-BR\"},{\"@type\":\"ImageObject\",\"@id\":\"https:\/\/selariarosario.com.br\/atacado\/quem-somos\/#primaryimage\",\"inLanguage\":\"pt-BR\",\"url\":\"https:\/\/selariarosario.com.br\/atacado\/wp-content\/uploads\/2021\/02\/topo-pages-2.jpg\",\"contentUrl\":\"https:\/\/selariarosario.com.br\/atacado\/wp-content\/uploads\/2021\/02\/topo-pages-2.jpg\",\"width\":1920,\"height\":550},{\"@type\":\"WebPage\",\"@id\":\"https:\/\/selariarosario.com.br\/atacado\/quem-somos\/#webpage\",\"url\":\"https:\/\/selariarosario.com.br\/atacado\/quem-somos\/\",\"name\":\"Quem Somos - Selaria Rosario\",\"isPartOf\":{\"@id\":\"https:\/\/selariarosario.com.br\/atacado\/#website\"},\"primaryImageOfPage\":{\"@id\":\"https:\/\/selariarosario.com.br\/atacado\/quem-somos\/#primaryimage\"},\"datePublished\":\"2021-01-21T13:27:02+00:00\",\"dateModified\":\"2021-02-05T18:19:47+00:00\",\"breadcrumb\":{\"@id\":\"https:\/\/selariarosario.com.br\/atacado\/quem-somos\/#breadcrumb\"},\"inLanguage\":\"pt-BR\",\"potentialAction\":[{\"@type\":\"ReadAction\",\"target\":[\"https:\/\/selariarosario.com.br\/atacado\/quem-somos\/\"]}]},{\"@type\":\"BreadcrumbList\",\"@id\":\"https:\/\/selariarosario.com.br\/atacado\/quem-somos\/#breadcrumb\",\"itemListElement\":[{\"@type\":\"ListItem\",\"position\":1,\"name\":\"In\\u00edcio\",\"item\":\"https:\/\/selariarosario.com.br\/atacado\/\"},{\"@type\":\"ListItem\",\"position\":2,\"name\":\"Quem Somos\"}]}]}<\/script>\n<!-- \/ Yoast SEO plugin. -->","yoast_head_json":{"title":"Quem Somos - Selaria Rosario","robots":{"index":"index","follow":"follow","max-snippet":"max-snippet:-1","max-image-preview":"max-image-preview:large","max-video-preview":"max-video-preview:-1"},"canonical":"https:\/\/selariarosario.com.br\/atacado\/quem-somos\/","og_locale":"pt_BR","og_type":"article","og_title":"Quem Somos - Selaria Rosario","og_description":"A Selaria Ros\u00e1rio \u00e9 empresa fundada em 1972. Seu diretor, Sr. In\u00e1cio Livramento de Souza desde sua adolesc\u00eancia j\u00e1 tomava gosto ao viajar em tropas acompanhado de seu saudoso pai Pedro Moreira de Souza. Por isso seu, vasto conhecimento pr\u00e1tico para assim atender \u00e0s necessidades do homem do campo. A empresa desde sempre primou pela [&hellip;]","og_url":"https:\/\/selariarosario.com.br\/atacado\/quem-somos\/","og_site_name":"Selaria Rosario","article_modified_time":"2021-02-05T18:19:47+00:00","twitter_card":"summary_large_image","twitter_misc":{"Est. tempo de leitura":"1 minuto"},"schema":{"@context":"https:\/\/schema.org","@graph":[{"@type":"WebSite","@id":"https:\/\/selariarosario.com.br\/atacado\/#website","url":"https:\/\/selariarosario.com.br\/atacado\/","name":"Selaria Rosario","description":"","potentialAction":[{"@type":"SearchAction","target":{"@type":"EntryPoint","urlTemplate":"https:\/\/selariarosario.com.br\/atacado\/?s={search_term_string}"},"query-input":"required name=search_term_string"}],"inLanguage":"pt-BR"},{"@type":"ImageObject","@id":"https:\/\/selariarosario.com.br\/atacado\/quem-somos\/#primaryimage","inLanguage":"pt-BR","url":"https:\/\/selariarosario.com.br\/atacado\/wp-content\/uploads\/2021\/02\/topo-pages-2.jpg","contentUrl":"https:\/\/selariarosario.com.br\/atacado\/wp-content\/uploads\/2021\/02\/topo-pages-2.jpg","width":1920,"height":550},{"@type":"WebPage","@id":"https:\/\/selariarosario.com.br\/atacado\/quem-somos\/#webpage","url":"https:\/\/selariarosario.com.br\/atacado\/quem-somos\/","name":"Quem Somos - Selaria Rosario","isPartOf":{"@id":"https:\/\/selariarosario.com.br\/atacado\/#website"},"primaryImageOfPage":{"@id":"https:\/\/selariarosario.com.br\/atacado\/quem-somos\/#primaryimage"},"datePublished":"2021-01-21T13:27:02+00:00","dateModified":"2021-02-05T18:19:47+00:00","breadcrumb":{"@id":"https:\/\/selariarosario.com.br\/atacado\/quem-somos\/#breadcrumb"},"inLanguage":"pt-BR","potentialAction":[{"@type":"ReadAction","target":["https:\/\/selariarosario.com.br\/atacado\/quem-somos\/"]}]},{"@type":"BreadcrumbList","@id":"https:\/\/selariarosario.com.br\/atacado\/quem-somos\/#breadcrumb","itemListElement":[{"@type":"ListItem","position":1,"name":"In\u00edcio","item":"https:\/\/selariarosario.com.br\/atacado\/"},{"@type":"ListItem","position":2,"name":"Quem Somos"}]}]}},"_links":{"self":[{"href":"https:\/\/selariarosario.com.br\/atacado\/wp-json\/wp\/v2\/pages\/25"}],"collection":[{"href":"https:\/\/selariarosario.com.br\/atacado\/wp-json\/wp\/v2\/pages"}],"about":[{"href":"https:\/\/selariarosario.com.br\/atacado\/wp-json\/wp\/v2\/types\/page"}],"author":[{"embeddable":true,"href":"https:\/\/selariarosario.com.br\/atacado\/wp-json\/wp\/v2\/users\/1"}],"replies":[{"embeddable":true,"href":"https:\/\/selariarosario.com.br\/atacado\/wp-json\/wp\/v2\/comments?post=25"}],"version-history":[{"count":0,"href":"https:\/\/selariarosario.com.br\/atacado\/wp-json\/wp\/v2\/pages\/25\/revisions"}],"wp:featuredmedia":[{"embeddable":true,"href":"https:\/\/selariarosario.com.br\/atacado\/wp-json\/wp\/v2\/media\/340"}],"wp:attachment":[{"href":"https:\/\/selariarosario.com.br\/atacado\/wp-json\/wp\/v2\/media?parent=25"}],"curies":[{"name":"wp","href":"https:\/\/api.w.org\/{rel}","templated":true}]}}