{"id":1914,"date":"2024-01-18T12:04:46","date_gmt":"2024-01-18T15:04:46","guid":{"rendered":"https:\/\/selariarosario.com.br\/atacado\/?post_type=product&#038;p=1914"},"modified":"2024-01-18T12:04:50","modified_gmt":"2024-01-18T15:04:50","slug":"chicote-couro-inox-virola-sr","status":"publish","type":"product","link":"https:\/\/selariarosario.com.br\/atacado\/produto\/chicote-couro-inox-virola-sr\/","title":{"rendered":"Chicote couro inox virola SR"},"content":{"rendered":"<p><strong>Chicote couro inox virola confeccionado com couro cru tran\u00e7ado artesanalmente e Com 3 argolas e virolas de inox\u00a0<\/strong><\/p>\n<p>Chicote couro inox virola tem v\u00e1rias utilidades para o cavaleiro. Alguns exemplos conforme abaixo s\u00e3o:<\/p>\n<ol>\n<li>Comunica\u00e7\u00e3o: O cavaleiro pode usar o chicote para dar instru\u00e7\u00f5es ao cavalo por meio de toques leves ou mais firmes.<\/li>\n<li>Controle: O chicote ajuda a estabelecer autoridade e controle sobre o cavalo, especialmente em situa\u00e7\u00f5es onde \u00e9 necess\u00e1rio corrigir comportamentos indesejados.<\/li>\n<li>Est\u00edmulo: Em algumas situa\u00e7\u00f5es, o cavalo pode precisar de um est\u00edmulo extra para acelerar o ritmo ou superar obst\u00e1culos. O chicote pode auxiliar nesses momentos.<\/li>\n<li>Treinamento e condicionamento: O chicote pode usar\u00a0 como uma extens\u00e3o natural da m\u00e3o do cavaleiro o que permite mais precis\u00e3o e dire\u00e7\u00e3o ao guiar o cavalo durante o treinamento.<\/li>\n<li>Seguran\u00e7a: Em casos de emerg\u00eancia ou perigo iminente, o chicote pode usar para afastar animais agressivos ou espantar outros obst\u00e1culos que possam assustar o cavalo.<\/li>\n<\/ol>\n<p>\u00c9 importante ressaltar que o uso do chicote deve ser feito de forma consciente e respons\u00e1vel, respeitando o bem-estar e o conforto do cavalo, pois o objetivo principal deve ser sempre a comunica\u00e7\u00e3o clara e o estabelecimento de uma parceria saud\u00e1vel entre o cavaleiro e o cavalo.<\/p>\n<p>Existem diversos tipos de chicotes, sendo os mais comuns o chicote de tiras e o chicote de tira \u00fanica.<\/p>\n<p>O chicote de tiras tem, geralmente, 9 tiras, n\u00e3o sendo t\u00e3o perigoso nem causador de danos t\u00e3o graves quanto o chicote de tira \u00fanica.<\/p>\n<p>O chicote de tira \u00fanica \u00e9 perigos\u00edssimo e de dif\u00edcil manejo.<\/p>\n<p>Ainda existiram tipos de chicotes ex\u00f3ticos antigos com l\u00e2minas de metal cortantes chamados de\u00a0<a title=\"Azorrague\" href=\"https:\/\/pt.wikipedia.org\/wiki\/Azorrague\">azorrague<\/a>.<\/p>\n","protected":false},"excerpt":{"rendered":"<p><strong>Chicote confeccionado com couro cru tran\u00e7ado artesanalmente.Com 3 argolas e virolas de inox\u00a0<\/strong><\/p>\n","protected":false},"featured_media":1531,"template":"","meta":[],"product_cat":[35,43,46],"product_tag":[],"yoast_head":"<!-- This site is optimized with the Yoast SEO plugin v16.7 - https:\/\/yoast.com\/wordpress\/plugins\/seo\/ -->\n<title>Chicote couro inox virola<\/title>\n<meta name=\"description\" content=\"Chicote couro inox virola objetivo principal deve ser sempre a comunica\u00e7\u00e3o clara e o estabelecimento de uma parceria saud\u00e1vel entre o cavaleiro e o cavalo.\" \/>\n<meta name=\"robots\" content=\"index, follow, max-snippet:-1, max-image-preview:large, max-video-preview:-1\" \/>\n<link rel=\"canonical\" href=\"https:\/\/selariarosario.com.br\/atacado\/produto\/chicote-couro-inox-virola-sr\/\" \/>\n<meta property=\"og:locale\" content=\"pt_BR\" \/>\n<meta property=\"og:type\" content=\"article\" \/>\n<meta property=\"og:title\" content=\"Chicote couro inox virola\" \/>\n<meta property=\"og:description\" content=\"Chicote couro inox virola objetivo principal deve ser sempre a comunica\u00e7\u00e3o clara e o estabelecimento de uma parceria saud\u00e1vel entre o cavaleiro e o cavalo.\" \/>\n<meta property=\"og:url\" content=\"https:\/\/selariarosario.com.br\/atacado\/produto\/chicote-couro-inox-virola-sr\/\" \/>\n<meta property=\"og:site_name\" content=\"Selaria Rosario\" \/>\n<meta property=\"article:modified_time\" content=\"2024-01-18T15:04:50+00:00\" \/>\n<meta name=\"twitter:card\" content=\"summary_large_image\" \/>\n<meta name=\"twitter:label1\" content=\"Est. tempo de leitura\" \/>\n\t<meta name=\"twitter:data1\" content=\"2 minutos\" \/>\n<script type=\"application\/ld+json\" class=\"yoast-schema-graph\">{\"@context\":\"https:\/\/schema.org\",\"@graph\":[{\"@type\":\"WebSite\",\"@id\":\"https:\/\/selariarosario.com.br\/atacado\/#website\",\"url\":\"https:\/\/selariarosario.com.br\/atacado\/\",\"name\":\"Selaria Rosario\",\"description\":\"\",\"potentialAction\":[{\"@type\":\"SearchAction\",\"target\":{\"@type\":\"EntryPoint\",\"urlTemplate\":\"https:\/\/selariarosario.com.br\/atacado\/?s={search_term_string}\"},\"query-input\":\"required name=search_term_string\"}],\"inLanguage\":\"pt-BR\"},{\"@type\":\"ImageObject\",\"@id\":\"https:\/\/selariarosario.com.br\/atacado\/produto\/chicote-couro-inox-virola-sr\/#primaryimage\",\"inLanguage\":\"pt-BR\",\"url\":\"https:\/\/selariarosario.com.br\/atacado\/wp-content\/uploads\/2024\/01\/IMG_5229-1.jpg\",\"contentUrl\":\"https:\/\/selariarosario.com.br\/atacado\/wp-content\/uploads\/2024\/01\/IMG_5229-1.jpg\",\"width\":1200,\"height\":1200},{\"@type\":\"WebPage\",\"@id\":\"https:\/\/selariarosario.com.br\/atacado\/produto\/chicote-couro-inox-virola-sr\/#webpage\",\"url\":\"https:\/\/selariarosario.com.br\/atacado\/produto\/chicote-couro-inox-virola-sr\/\",\"name\":\"Chicote couro inox virola\",\"isPartOf\":{\"@id\":\"https:\/\/selariarosario.com.br\/atacado\/#website\"},\"primaryImageOfPage\":{\"@id\":\"https:\/\/selariarosario.com.br\/atacado\/produto\/chicote-couro-inox-virola-sr\/#primaryimage\"},\"datePublished\":\"2024-01-18T15:04:46+00:00\",\"dateModified\":\"2024-01-18T15:04:50+00:00\",\"description\":\"Chicote couro inox virola objetivo principal deve ser sempre a comunica\\u00e7\\u00e3o clara e o estabelecimento de uma parceria saud\\u00e1vel entre o cavaleiro e o cavalo.\",\"breadcrumb\":{\"@id\":\"https:\/\/selariarosario.com.br\/atacado\/produto\/chicote-couro-inox-virola-sr\/#breadcrumb\"},\"inLanguage\":\"pt-BR\",\"potentialAction\":[{\"@type\":\"ReadAction\",\"target\":[\"https:\/\/selariarosario.com.br\/atacado\/produto\/chicote-couro-inox-virola-sr\/\"]}]},{\"@type\":\"BreadcrumbList\",\"@id\":\"https:\/\/selariarosario.com.br\/atacado\/produto\/chicote-couro-inox-virola-sr\/#breadcrumb\",\"itemListElement\":[{\"@type\":\"ListItem\",\"position\":1,\"name\":\"In\\u00edcio\",\"item\":\"https:\/\/selariarosario.com.br\/atacado\/\"},{\"@type\":\"ListItem\",\"position\":2,\"name\":\"Produtos\",\"item\":\"https:\/\/selariarosario.com.br\/atacado\/produtos\/\"},{\"@type\":\"ListItem\",\"position\":3,\"name\":\"Chicote couro inox virola SR\"}]}]}<\/script>\n<!-- \/ Yoast SEO plugin. -->","yoast_head_json":{"title":"Chicote couro inox virola","description":"Chicote couro inox virola objetivo principal deve ser sempre a comunica\u00e7\u00e3o clara e o estabelecimento de uma parceria saud\u00e1vel entre o cavaleiro e o cavalo.","robots":{"index":"index","follow":"follow","max-snippet":"max-snippet:-1","max-image-preview":"max-image-preview:large","max-video-preview":"max-video-preview:-1"},"canonical":"https:\/\/selariarosario.com.br\/atacado\/produto\/chicote-couro-inox-virola-sr\/","og_locale":"pt_BR","og_type":"article","og_title":"Chicote couro inox virola","og_description":"Chicote couro inox virola objetivo principal deve ser sempre a comunica\u00e7\u00e3o clara e o estabelecimento de uma parceria saud\u00e1vel entre o cavaleiro e o cavalo.","og_url":"https:\/\/selariarosario.com.br\/atacado\/produto\/chicote-couro-inox-virola-sr\/","og_site_name":"Selaria Rosario","article_modified_time":"2024-01-18T15:04:50+00:00","twitter_card":"summary_large_image","twitter_misc":{"Est. tempo de leitura":"2 minutos"},"schema":{"@context":"https:\/\/schema.org","@graph":[{"@type":"WebSite","@id":"https:\/\/selariarosario.com.br\/atacado\/#website","url":"https:\/\/selariarosario.com.br\/atacado\/","name":"Selaria Rosario","description":"","potentialAction":[{"@type":"SearchAction","target":{"@type":"EntryPoint","urlTemplate":"https:\/\/selariarosario.com.br\/atacado\/?s={search_term_string}"},"query-input":"required name=search_term_string"}],"inLanguage":"pt-BR"},{"@type":"ImageObject","@id":"https:\/\/selariarosario.com.br\/atacado\/produto\/chicote-couro-inox-virola-sr\/#primaryimage","inLanguage":"pt-BR","url":"https:\/\/selariarosario.com.br\/atacado\/wp-content\/uploads\/2024\/01\/IMG_5229-1.jpg","contentUrl":"https:\/\/selariarosario.com.br\/atacado\/wp-content\/uploads\/2024\/01\/IMG_5229-1.jpg","width":1200,"height":1200},{"@type":"WebPage","@id":"https:\/\/selariarosario.com.br\/atacado\/produto\/chicote-couro-inox-virola-sr\/#webpage","url":"https:\/\/selariarosario.com.br\/atacado\/produto\/chicote-couro-inox-virola-sr\/","name":"Chicote couro inox virola","isPartOf":{"@id":"https:\/\/selariarosario.com.br\/atacado\/#website"},"primaryImageOfPage":{"@id":"https:\/\/selariarosario.com.br\/atacado\/produto\/chicote-couro-inox-virola-sr\/#primaryimage"},"datePublished":"2024-01-18T15:04:46+00:00","dateModified":"2024-01-18T15:04:50+00:00","description":"Chicote couro inox virola objetivo principal deve ser sempre a comunica\u00e7\u00e3o clara e o estabelecimento de uma parceria saud\u00e1vel entre o cavaleiro e o cavalo.","breadcrumb":{"@id":"https:\/\/selariarosario.com.br\/atacado\/produto\/chicote-couro-inox-virola-sr\/#breadcrumb"},"inLanguage":"pt-BR","potentialAction":[{"@type":"ReadAction","target":["https:\/\/selariarosario.com.br\/atacado\/produto\/chicote-couro-inox-virola-sr\/"]}]},{"@type":"BreadcrumbList","@id":"https:\/\/selariarosario.com.br\/atacado\/produto\/chicote-couro-inox-virola-sr\/#breadcrumb","itemListElement":[{"@type":"ListItem","position":1,"name":"In\u00edcio","item":"https:\/\/selariarosario.com.br\/atacado\/"},{"@type":"ListItem","position":2,"name":"Produtos","item":"https:\/\/selariarosario.com.br\/atacado\/produtos\/"},{"@type":"ListItem","position":3,"name":"Chicote couro inox virola SR"}]}]}},"_links":{"self":[{"href":"https:\/\/selariarosario.com.br\/atacado\/wp-json\/wp\/v2\/product\/1914"}],"collection":[{"href":"https:\/\/selariarosario.com.br\/atacado\/wp-json\/wp\/v2\/product"}],"about":[{"href":"https:\/\/selariarosario.com.br\/atacado\/wp-json\/wp\/v2\/types\/product"}],"wp:featuredmedia":[{"embeddable":true,"href":"https:\/\/selariarosario.com.br\/atacado\/wp-json\/wp\/v2\/media\/1531"}],"wp:attachment":[{"href":"https:\/\/selariarosario.com.br\/atacado\/wp-json\/wp\/v2\/media?parent=1914"}],"wp:term":[{"taxonomy":"product_cat","embeddable":true,"href":"https:\/\/selariarosario.com.br\/atacado\/wp-json\/wp\/v2\/product_cat?post=1914"},{"taxonomy":"product_tag","embeddable":true,"href":"https:\/\/selariarosario.com.br\/atacado\/wp-json\/wp\/v2\/product_tag?post=1914"}],"curies":[{"name":"wp","href":"https:\/\/api.w.org\/{rel}","templated":true}]}}