{"id":1918,"date":"2024-01-18T12:04:46","date_gmt":"2024-01-18T15:04:46","guid":{"rendered":"https:\/\/selariarosario.com.br\/atacado\/?post_type=product&#038;p=1918"},"modified":"2024-01-18T12:04:51","modified_gmt":"2024-01-18T15:04:51","slug":"perneira-de-vaqueta-sanfonada-sr","status":"publish","type":"product","link":"https:\/\/selariarosario.com.br\/atacado\/produto\/perneira-de-vaqueta-sanfonada-sr\/","title":{"rendered":"Perneira de vaqueta sanfonada SR"},"content":{"rendered":"<p>Perneira de vaqueta sanfonada SR \u00e9\u00a0 confeccionada em vaqueta . Contando tamb\u00e9m com um fechamento lateral em z\u00edper (extenso por toda canela), regulagem no v\u00e9rtice lateral afora, em fivela. Possui tamb\u00e9m um el\u00e1stico localizado na curva do p\u00e9 (solado que antecede o calcanhar). Garantindo uma selagem perfeita. Deve ser usada tanto nas atividades de montaria quanto no trabalho no campo.<\/p>\n<p>Para que serve perneira para andar de cavalo?<\/p>\n<p>Um EPI extremamente importante para a sa\u00fade e seguran\u00e7a \u00e9 a perneira,pois s\u00e3o compridas, uma pe\u00e7a destinada a <b>proteger as pernas na regi\u00e3o entre o joelho e o p\u00e9 dos cavaleiros e esportistas como forma de prote\u00e7\u00e3o durante a pr\u00e1tica de atividades.<\/b><\/p>\n<p align=\"justify\"><em>\u00a0 Utliza\u00e7\u00e3o da Perneira de vaqueta sanfonada conforme abaixo:<\/em><\/p>\n<ul>\n<li>\n<p align=\"justify\">Deve-se us\u00e1-las obrigatoriamente em todas as atividades que ofere\u00e7am riscos de les\u00e3o aos membros inferiores.<\/p>\n<\/li>\n<li>\n<p align=\"justify\">Utilize o equipamento antes de entrar em \u00e1rea de risco e somente as retire ap\u00f3s o t\u00e9rmino da atividade;<\/p>\n<\/li>\n<li>\n<p align=\"justify\">\u00a0Use as perneiras\u00a0 sobre o tecido da cal\u00e7a, de forma que n\u00e3o apertem ou incomodem o usu\u00e1rio.<\/p>\n<\/li>\n<\/ul>\n<p><strong>Composi\u00e7\u00e3o do produto conforme abaixo:<\/strong><\/p>\n<p>&#8211; Produzida em vaqueta e forrada em cetim .<br \/>\n&#8211; Costuras industriais;<br \/>\n&#8211; Extremidades seladas em fita vi\u00e9s;<br \/>\n&#8211; Fechamento em z\u00edper e fivelas ;<br \/>\n&#8211; El\u00e1stico;<\/p>\n<div>\n<div class=\"dnXCYb\" tabindex=\"0\" role=\"button\" aria-controls=\"_gRPdZL_VKt-S5OUP3s-c4Aw_32\" aria-expanded=\"true\" data-hveid=\"CBoQAQ\">\n<div class=\"L3Ezfd\" data-ved=\"2ahUKEwj_mZfX5eGAAxVfCbkGHd4nB8wQuk56BAgaEAI\">Op\u00e7\u00f5es de tamanho conforme abaixo :<\/div>\n<div class=\"L3Ezfd\" data-ved=\"2ahUKEwj_mZfX5eGAAxVfCbkGHd4nB8wQuk56BAgaEAI\">P,M, G e GG<\/div>\n<div data-ved=\"2ahUKEwj_mZfX5eGAAxVfCbkGHd4nB8wQuk56BAgaEAI\"><\/div>\n<div data-ved=\"2ahUKEwj_mZfX5eGAAxVfCbkGHd4nB8wQuk56BAgaEAI\">Veja conforme lista abaixo o\u00a0 tamanho ideal de sua perneira<\/div>\n<\/div>\n<\/div>\n<p>Altura: medida da canela;<br \/>\nDi\u00e2metro: circunfer\u00eancia da panturrilha;<\/p>\n<p>P: Altura: 30cm; Di\u00e2metro: 31cm;<br \/>\nM: Altura:\u00a035cm; Di\u00e2metro:\u00a038cm;<br \/>\nG: Altura:\u00a040cm; Di\u00e2metro:\u00a042cm;<br \/>\nGG: Altura:\u00a045cm; Di\u00e2metro:\u00a046cm;<\/p>\n<p>Peso: 200 grs<\/p>\n<p>Marca:Selaria Ros\u00e1rio<\/p>\n<p>&nbsp;<\/p>\n<p>&nbsp;<\/p>\n","protected":false},"excerpt":{"rendered":"<p>Perneira confeccionada material vaqueta sanfonada para ajustar melhor, com fechamento\u00a0 em fecho,almofadada conta tamb\u00e9m com el\u00e1stico na parte inferior para fixa\u00e7\u00e3o no cal\u00e7ado.<\/p>\n<p>Op\u00e7\u00f5es de cores:Preta, marrom e caf\u00e9<\/p>\n<p>Medidas aproximadas:<\/p>\n<p>Tamanho\u00a0<strong>PP<\/strong><\/p>\n<ul>\n<li>Altura 27cm<\/li>\n<li>Panturrilha 31cm<\/li>\n<li>Canela 24cm<\/li>\n<\/ul>\n<p>Tamanho\u00a0<strong>P<\/strong><\/p>\n<ul>\n<li>Altura 31cm<\/li>\n<li>Panturrilha 33cm<\/li>\n<li>Canela 27cm<\/li>\n<\/ul>\n<p>Tamanho\u00a0<strong>M<\/strong><\/p>\n<ul>\n<li>Altura 35cm<\/li>\n<li>Panturrilha 38cm<\/li>\n<li>Canela 29,5cm<\/li>\n<\/ul>\n<p>Tamanho\u00a0<strong>G<\/strong><\/p>\n<ul>\n<li>Altura 40cm<\/li>\n<li>Panturrilha 40cm<\/li>\n<li>Canela 32cm<\/li>\n<\/ul>\n<p>Tamanho\u00a0<strong>GG<\/strong><\/p>\n<ul>\n<li>Altura 43cm<\/li>\n<li>Panturrilha 42cm<\/li>\n<li>Canela 33,5cm<\/li>\n<\/ul>\n","protected":false},"featured_media":1535,"template":"","meta":[],"product_cat":[35,43,49],"product_tag":[],"yoast_head":"<!-- This site is optimized with the Yoast SEO plugin v16.7 - https:\/\/yoast.com\/wordpress\/plugins\/seo\/ -->\n<title>Perneira de vaqueta sanfonada<\/title>\n<meta name=\"description\" content=\"Perneira de vaqueta sanfonada \u00e9 perfeita nas atividades de montaria, e tamb\u00e9m atua com tamanha efic\u00e1cia no trabalho do campo.\" \/>\n<meta name=\"robots\" content=\"index, follow, max-snippet:-1, max-image-preview:large, max-video-preview:-1\" \/>\n<link rel=\"canonical\" href=\"https:\/\/selariarosario.com.br\/atacado\/produto\/perneira-de-vaqueta-sanfonada-sr\/\" \/>\n<meta property=\"og:locale\" content=\"pt_BR\" \/>\n<meta property=\"og:type\" content=\"article\" \/>\n<meta property=\"og:title\" content=\"Perneira de vaqueta sanfonada\" \/>\n<meta property=\"og:description\" content=\"Perneira de vaqueta sanfonada \u00e9 perfeita nas atividades de montaria, e tamb\u00e9m atua com tamanha efic\u00e1cia no trabalho do campo.\" \/>\n<meta property=\"og:url\" content=\"https:\/\/selariarosario.com.br\/atacado\/produto\/perneira-de-vaqueta-sanfonada-sr\/\" \/>\n<meta property=\"og:site_name\" content=\"Selaria Rosario\" \/>\n<meta property=\"article:modified_time\" content=\"2024-01-18T15:04:51+00:00\" \/>\n<meta name=\"twitter:card\" content=\"summary_large_image\" \/>\n<meta name=\"twitter:label1\" content=\"Est. tempo de leitura\" \/>\n\t<meta name=\"twitter:data1\" content=\"2 minutos\" \/>\n<script type=\"application\/ld+json\" class=\"yoast-schema-graph\">{\"@context\":\"https:\/\/schema.org\",\"@graph\":[{\"@type\":\"WebSite\",\"@id\":\"https:\/\/selariarosario.com.br\/atacado\/#website\",\"url\":\"https:\/\/selariarosario.com.br\/atacado\/\",\"name\":\"Selaria Rosario\",\"description\":\"\",\"potentialAction\":[{\"@type\":\"SearchAction\",\"target\":{\"@type\":\"EntryPoint\",\"urlTemplate\":\"https:\/\/selariarosario.com.br\/atacado\/?s={search_term_string}\"},\"query-input\":\"required name=search_term_string\"}],\"inLanguage\":\"pt-BR\"},{\"@type\":\"ImageObject\",\"@id\":\"https:\/\/selariarosario.com.br\/atacado\/produto\/perneira-de-vaqueta-sanfonada-sr\/#primaryimage\",\"inLanguage\":\"pt-BR\",\"url\":\"https:\/\/selariarosario.com.br\/atacado\/wp-content\/uploads\/2024\/01\/PERNEIRA-DE-VAQUETA.jpg\",\"contentUrl\":\"https:\/\/selariarosario.com.br\/atacado\/wp-content\/uploads\/2024\/01\/PERNEIRA-DE-VAQUETA.jpg\",\"width\":1200,\"height\":1200},{\"@type\":\"WebPage\",\"@id\":\"https:\/\/selariarosario.com.br\/atacado\/produto\/perneira-de-vaqueta-sanfonada-sr\/#webpage\",\"url\":\"https:\/\/selariarosario.com.br\/atacado\/produto\/perneira-de-vaqueta-sanfonada-sr\/\",\"name\":\"Perneira de vaqueta sanfonada\",\"isPartOf\":{\"@id\":\"https:\/\/selariarosario.com.br\/atacado\/#website\"},\"primaryImageOfPage\":{\"@id\":\"https:\/\/selariarosario.com.br\/atacado\/produto\/perneira-de-vaqueta-sanfonada-sr\/#primaryimage\"},\"datePublished\":\"2024-01-18T15:04:46+00:00\",\"dateModified\":\"2024-01-18T15:04:51+00:00\",\"description\":\"Perneira de vaqueta sanfonada \\u00e9 perfeita nas atividades de montaria, e tamb\\u00e9m atua com tamanha efic\\u00e1cia no trabalho do campo.\",\"breadcrumb\":{\"@id\":\"https:\/\/selariarosario.com.br\/atacado\/produto\/perneira-de-vaqueta-sanfonada-sr\/#breadcrumb\"},\"inLanguage\":\"pt-BR\",\"potentialAction\":[{\"@type\":\"ReadAction\",\"target\":[\"https:\/\/selariarosario.com.br\/atacado\/produto\/perneira-de-vaqueta-sanfonada-sr\/\"]}]},{\"@type\":\"BreadcrumbList\",\"@id\":\"https:\/\/selariarosario.com.br\/atacado\/produto\/perneira-de-vaqueta-sanfonada-sr\/#breadcrumb\",\"itemListElement\":[{\"@type\":\"ListItem\",\"position\":1,\"name\":\"In\\u00edcio\",\"item\":\"https:\/\/selariarosario.com.br\/atacado\/\"},{\"@type\":\"ListItem\",\"position\":2,\"name\":\"Produtos\",\"item\":\"https:\/\/selariarosario.com.br\/atacado\/produtos\/\"},{\"@type\":\"ListItem\",\"position\":3,\"name\":\"Perneira de vaqueta sanfonada SR\"}]}]}<\/script>\n<!-- \/ Yoast SEO plugin. -->","yoast_head_json":{"title":"Perneira de vaqueta sanfonada","description":"Perneira de vaqueta sanfonada \u00e9 perfeita nas atividades de montaria, e tamb\u00e9m atua com tamanha efic\u00e1cia no trabalho do campo.","robots":{"index":"index","follow":"follow","max-snippet":"max-snippet:-1","max-image-preview":"max-image-preview:large","max-video-preview":"max-video-preview:-1"},"canonical":"https:\/\/selariarosario.com.br\/atacado\/produto\/perneira-de-vaqueta-sanfonada-sr\/","og_locale":"pt_BR","og_type":"article","og_title":"Perneira de vaqueta sanfonada","og_description":"Perneira de vaqueta sanfonada \u00e9 perfeita nas atividades de montaria, e tamb\u00e9m atua com tamanha efic\u00e1cia no trabalho do campo.","og_url":"https:\/\/selariarosario.com.br\/atacado\/produto\/perneira-de-vaqueta-sanfonada-sr\/","og_site_name":"Selaria Rosario","article_modified_time":"2024-01-18T15:04:51+00:00","twitter_card":"summary_large_image","twitter_misc":{"Est. tempo de leitura":"2 minutos"},"schema":{"@context":"https:\/\/schema.org","@graph":[{"@type":"WebSite","@id":"https:\/\/selariarosario.com.br\/atacado\/#website","url":"https:\/\/selariarosario.com.br\/atacado\/","name":"Selaria Rosario","description":"","potentialAction":[{"@type":"SearchAction","target":{"@type":"EntryPoint","urlTemplate":"https:\/\/selariarosario.com.br\/atacado\/?s={search_term_string}"},"query-input":"required name=search_term_string"}],"inLanguage":"pt-BR"},{"@type":"ImageObject","@id":"https:\/\/selariarosario.com.br\/atacado\/produto\/perneira-de-vaqueta-sanfonada-sr\/#primaryimage","inLanguage":"pt-BR","url":"https:\/\/selariarosario.com.br\/atacado\/wp-content\/uploads\/2024\/01\/PERNEIRA-DE-VAQUETA.jpg","contentUrl":"https:\/\/selariarosario.com.br\/atacado\/wp-content\/uploads\/2024\/01\/PERNEIRA-DE-VAQUETA.jpg","width":1200,"height":1200},{"@type":"WebPage","@id":"https:\/\/selariarosario.com.br\/atacado\/produto\/perneira-de-vaqueta-sanfonada-sr\/#webpage","url":"https:\/\/selariarosario.com.br\/atacado\/produto\/perneira-de-vaqueta-sanfonada-sr\/","name":"Perneira de vaqueta sanfonada","isPartOf":{"@id":"https:\/\/selariarosario.com.br\/atacado\/#website"},"primaryImageOfPage":{"@id":"https:\/\/selariarosario.com.br\/atacado\/produto\/perneira-de-vaqueta-sanfonada-sr\/#primaryimage"},"datePublished":"2024-01-18T15:04:46+00:00","dateModified":"2024-01-18T15:04:51+00:00","description":"Perneira de vaqueta sanfonada \u00e9 perfeita nas atividades de montaria, e tamb\u00e9m atua com tamanha efic\u00e1cia no trabalho do campo.","breadcrumb":{"@id":"https:\/\/selariarosario.com.br\/atacado\/produto\/perneira-de-vaqueta-sanfonada-sr\/#breadcrumb"},"inLanguage":"pt-BR","potentialAction":[{"@type":"ReadAction","target":["https:\/\/selariarosario.com.br\/atacado\/produto\/perneira-de-vaqueta-sanfonada-sr\/"]}]},{"@type":"BreadcrumbList","@id":"https:\/\/selariarosario.com.br\/atacado\/produto\/perneira-de-vaqueta-sanfonada-sr\/#breadcrumb","itemListElement":[{"@type":"ListItem","position":1,"name":"In\u00edcio","item":"https:\/\/selariarosario.com.br\/atacado\/"},{"@type":"ListItem","position":2,"name":"Produtos","item":"https:\/\/selariarosario.com.br\/atacado\/produtos\/"},{"@type":"ListItem","position":3,"name":"Perneira de vaqueta sanfonada SR"}]}]}},"_links":{"self":[{"href":"https:\/\/selariarosario.com.br\/atacado\/wp-json\/wp\/v2\/product\/1918"}],"collection":[{"href":"https:\/\/selariarosario.com.br\/atacado\/wp-json\/wp\/v2\/product"}],"about":[{"href":"https:\/\/selariarosario.com.br\/atacado\/wp-json\/wp\/v2\/types\/product"}],"wp:featuredmedia":[{"embeddable":true,"href":"https:\/\/selariarosario.com.br\/atacado\/wp-json\/wp\/v2\/media\/1535"}],"wp:attachment":[{"href":"https:\/\/selariarosario.com.br\/atacado\/wp-json\/wp\/v2\/media?parent=1918"}],"wp:term":[{"taxonomy":"product_cat","embeddable":true,"href":"https:\/\/selariarosario.com.br\/atacado\/wp-json\/wp\/v2\/product_cat?post=1918"},{"taxonomy":"product_tag","embeddable":true,"href":"https:\/\/selariarosario.com.br\/atacado\/wp-json\/wp\/v2\/product_tag?post=1918"}],"curies":[{"name":"wp","href":"https:\/\/api.w.org\/{rel}","templated":true}]}}