{"id":1920,"date":"2024-01-18T12:04:46","date_gmt":"2024-01-18T15:04:46","guid":{"rendered":"https:\/\/selariarosario.com.br\/atacado\/?post_type=product&#038;p=1920"},"modified":"2024-01-18T12:04:51","modified_gmt":"2024-01-18T15:04:51","slug":"capa-boiadeiro-forrada-s-manga-sr","status":"publish","type":"product","link":"https:\/\/selariarosario.com.br\/atacado\/produto\/capa-boiadeiro-forrada-s-manga-sr\/","title":{"rendered":"Capa Boiadeiro forrada s\/manga SR"},"content":{"rendered":"<p>Capa Boiadeiro forrada s\/manga<\/p>\n<p>Capa Boiadeiro forrada s\/manga\u00a0 \u00e9\u00a0 em corino forrado 100% macio que proporciona maior flexibilidade ao cavaleiro. Produto totalmente imperme\u00e1vel com alta durabilidade. Fechamento em velcro, possui 1,40mt de altura e 3,20mt de di\u00e2metros na roda que possibilita tamb\u00e9m cobrir boa parte do animal durante a cavalgada.<\/p>\n<p>A capa de chuva\u00a0 serve para proteger o usu\u00e1rio da chuva al\u00e9m de mante-lo seco durante per\u00edodos de mau tempo. Por isso ela \u00e9 geralmente\u00a0 de material imperme\u00e1vel, como o pl\u00e1stico ou tecidos sint\u00e9ticos com revestimento imperme\u00e1vel. A capa de chuva \u00e9 especialmente \u00fatil quando se est\u00e1 ao ar livre.<\/p>\n<p>A Capa de Chuva para Cavaleiro \u00e9\u00a0 com um material resistente e dur\u00e1vel. Por isso essa escolha cuidadosa garante que voc\u00ea esteja protegido contra o frio rigoroso e a chuva implac\u00e1vel que muitas vezes desafia os bravos cavaleiros.<\/p>\n<p>Com um tamanho grande, essa capa cobre completamente voc\u00ea e o lombo do seu cavalo al\u00e9m disso garante uma prote\u00e7\u00e3o abrangente. N\u00e3o importa o qu\u00e3o intensa seja a tempestade, voc\u00ea estar\u00e1 pronto para enfrentar tudo com seguran\u00e7a e conforto.<\/p>\n<p>Nossa capa possui uma abertura frontal com velcro\u00a0 que permite que a vista e ajuste com facilidade. Al\u00e9m disso, h\u00e1 uma abertura estrategicamente posicionada para as m\u00e3os, para que voc\u00ea tenha total mobilidade e possa segurar as r\u00e9deas com firmeza, sem restri\u00e7\u00f5es.<\/p>\n<p>N\u00e3o deixe que o clima imprevis\u00edvel impe\u00e7a voc\u00ea de viver suas aventuras e realizar suas tropeadas. Adquira agora a Capa de Chuva para Cavaleiro e garanta sua prote\u00e7\u00e3o durante todas as suas jornadas. Seja voc\u00ea um cavaleiro experiente ou um jovem que ama cavalos, \u00a0temos op\u00e7\u00f5es para adultos e crian\u00e7as, para que todos possam desfrutar da sensa\u00e7\u00e3o de liberdade nas cavalgadas.<\/p>\n<p>&nbsp;<\/p>\n","protected":false},"excerpt":{"rendered":"<p>A capa de chuva boiadeiro \u00e9 fabricada em courvim macio 100% forrado, proporcionando maior flexibilidade ao cavaleiro. Produto totalmente imperme\u00e1vel com alta durabilidade. Fechamento em velcro, possui 1,40 mts de altura e 3,20 mts de di\u00e2metros na roda, possibilitando tamb\u00e9m cobrir boa parte do animal durante a cavalgada.<\/p>\n","protected":false},"featured_media":1537,"template":"","meta":[],"product_cat":[35,43,45],"product_tag":[],"yoast_head":"<!-- This site is optimized with the Yoast SEO plugin v16.7 - https:\/\/yoast.com\/wordpress\/plugins\/seo\/ -->\n<title>Capa Boiadeiro forrada s\/manga<\/title>\n<meta name=\"description\" content=\"Capa Boiadeiro forrada s\/manga serve para proteger o usu\u00e1rio da chuva al\u00e9m de mante-lo seco durante per\u00edodos de mau tempo.\" \/>\n<meta name=\"robots\" content=\"index, follow, max-snippet:-1, max-image-preview:large, max-video-preview:-1\" \/>\n<link rel=\"canonical\" href=\"https:\/\/selariarosario.com.br\/atacado\/produto\/capa-boiadeiro-forrada-s-manga-sr\/\" \/>\n<meta property=\"og:locale\" content=\"pt_BR\" \/>\n<meta property=\"og:type\" content=\"article\" \/>\n<meta property=\"og:title\" content=\"Capa Boiadeiro forrada s\/manga\" \/>\n<meta property=\"og:description\" content=\"Capa Boiadeiro forrada s\/manga serve para proteger o usu\u00e1rio da chuva al\u00e9m de mante-lo seco durante per\u00edodos de mau tempo.\" \/>\n<meta property=\"og:url\" content=\"https:\/\/selariarosario.com.br\/atacado\/produto\/capa-boiadeiro-forrada-s-manga-sr\/\" \/>\n<meta property=\"og:site_name\" content=\"Selaria Rosario\" \/>\n<meta property=\"article:modified_time\" content=\"2024-01-18T15:04:51+00:00\" \/>\n<meta name=\"twitter:card\" content=\"summary_large_image\" \/>\n<meta name=\"twitter:label1\" content=\"Est. tempo de leitura\" \/>\n\t<meta name=\"twitter:data1\" content=\"2 minutos\" \/>\n<script type=\"application\/ld+json\" class=\"yoast-schema-graph\">{\"@context\":\"https:\/\/schema.org\",\"@graph\":[{\"@type\":\"WebSite\",\"@id\":\"https:\/\/selariarosario.com.br\/atacado\/#website\",\"url\":\"https:\/\/selariarosario.com.br\/atacado\/\",\"name\":\"Selaria Rosario\",\"description\":\"\",\"potentialAction\":[{\"@type\":\"SearchAction\",\"target\":{\"@type\":\"EntryPoint\",\"urlTemplate\":\"https:\/\/selariarosario.com.br\/atacado\/?s={search_term_string}\"},\"query-input\":\"required name=search_term_string\"}],\"inLanguage\":\"pt-BR\"},{\"@type\":\"ImageObject\",\"@id\":\"https:\/\/selariarosario.com.br\/atacado\/produto\/capa-boiadeiro-forrada-s-manga-sr\/#primaryimage\",\"inLanguage\":\"pt-BR\",\"url\":\"https:\/\/selariarosario.com.br\/atacado\/wp-content\/uploads\/2024\/01\/capa-boiadeiro-forrada.jpg\",\"contentUrl\":\"https:\/\/selariarosario.com.br\/atacado\/wp-content\/uploads\/2024\/01\/capa-boiadeiro-forrada.jpg\",\"width\":1200,\"height\":1200},{\"@type\":\"WebPage\",\"@id\":\"https:\/\/selariarosario.com.br\/atacado\/produto\/capa-boiadeiro-forrada-s-manga-sr\/#webpage\",\"url\":\"https:\/\/selariarosario.com.br\/atacado\/produto\/capa-boiadeiro-forrada-s-manga-sr\/\",\"name\":\"Capa Boiadeiro forrada s\/manga\",\"isPartOf\":{\"@id\":\"https:\/\/selariarosario.com.br\/atacado\/#website\"},\"primaryImageOfPage\":{\"@id\":\"https:\/\/selariarosario.com.br\/atacado\/produto\/capa-boiadeiro-forrada-s-manga-sr\/#primaryimage\"},\"datePublished\":\"2024-01-18T15:04:46+00:00\",\"dateModified\":\"2024-01-18T15:04:51+00:00\",\"description\":\"Capa Boiadeiro forrada s\/manga serve para proteger o usu\\u00e1rio da chuva al\\u00e9m de mante-lo seco durante per\\u00edodos de mau tempo.\",\"breadcrumb\":{\"@id\":\"https:\/\/selariarosario.com.br\/atacado\/produto\/capa-boiadeiro-forrada-s-manga-sr\/#breadcrumb\"},\"inLanguage\":\"pt-BR\",\"potentialAction\":[{\"@type\":\"ReadAction\",\"target\":[\"https:\/\/selariarosario.com.br\/atacado\/produto\/capa-boiadeiro-forrada-s-manga-sr\/\"]}]},{\"@type\":\"BreadcrumbList\",\"@id\":\"https:\/\/selariarosario.com.br\/atacado\/produto\/capa-boiadeiro-forrada-s-manga-sr\/#breadcrumb\",\"itemListElement\":[{\"@type\":\"ListItem\",\"position\":1,\"name\":\"In\\u00edcio\",\"item\":\"https:\/\/selariarosario.com.br\/atacado\/\"},{\"@type\":\"ListItem\",\"position\":2,\"name\":\"Produtos\",\"item\":\"https:\/\/selariarosario.com.br\/atacado\/produtos\/\"},{\"@type\":\"ListItem\",\"position\":3,\"name\":\"Capa Boiadeiro forrada s\/manga SR\"}]}]}<\/script>\n<!-- \/ Yoast SEO plugin. -->","yoast_head_json":{"title":"Capa Boiadeiro forrada s\/manga","description":"Capa Boiadeiro forrada s\/manga serve para proteger o usu\u00e1rio da chuva al\u00e9m de mante-lo seco durante per\u00edodos de mau tempo.","robots":{"index":"index","follow":"follow","max-snippet":"max-snippet:-1","max-image-preview":"max-image-preview:large","max-video-preview":"max-video-preview:-1"},"canonical":"https:\/\/selariarosario.com.br\/atacado\/produto\/capa-boiadeiro-forrada-s-manga-sr\/","og_locale":"pt_BR","og_type":"article","og_title":"Capa Boiadeiro forrada s\/manga","og_description":"Capa Boiadeiro forrada s\/manga serve para proteger o usu\u00e1rio da chuva al\u00e9m de mante-lo seco durante per\u00edodos de mau tempo.","og_url":"https:\/\/selariarosario.com.br\/atacado\/produto\/capa-boiadeiro-forrada-s-manga-sr\/","og_site_name":"Selaria Rosario","article_modified_time":"2024-01-18T15:04:51+00:00","twitter_card":"summary_large_image","twitter_misc":{"Est. tempo de leitura":"2 minutos"},"schema":{"@context":"https:\/\/schema.org","@graph":[{"@type":"WebSite","@id":"https:\/\/selariarosario.com.br\/atacado\/#website","url":"https:\/\/selariarosario.com.br\/atacado\/","name":"Selaria Rosario","description":"","potentialAction":[{"@type":"SearchAction","target":{"@type":"EntryPoint","urlTemplate":"https:\/\/selariarosario.com.br\/atacado\/?s={search_term_string}"},"query-input":"required name=search_term_string"}],"inLanguage":"pt-BR"},{"@type":"ImageObject","@id":"https:\/\/selariarosario.com.br\/atacado\/produto\/capa-boiadeiro-forrada-s-manga-sr\/#primaryimage","inLanguage":"pt-BR","url":"https:\/\/selariarosario.com.br\/atacado\/wp-content\/uploads\/2024\/01\/capa-boiadeiro-forrada.jpg","contentUrl":"https:\/\/selariarosario.com.br\/atacado\/wp-content\/uploads\/2024\/01\/capa-boiadeiro-forrada.jpg","width":1200,"height":1200},{"@type":"WebPage","@id":"https:\/\/selariarosario.com.br\/atacado\/produto\/capa-boiadeiro-forrada-s-manga-sr\/#webpage","url":"https:\/\/selariarosario.com.br\/atacado\/produto\/capa-boiadeiro-forrada-s-manga-sr\/","name":"Capa Boiadeiro forrada s\/manga","isPartOf":{"@id":"https:\/\/selariarosario.com.br\/atacado\/#website"},"primaryImageOfPage":{"@id":"https:\/\/selariarosario.com.br\/atacado\/produto\/capa-boiadeiro-forrada-s-manga-sr\/#primaryimage"},"datePublished":"2024-01-18T15:04:46+00:00","dateModified":"2024-01-18T15:04:51+00:00","description":"Capa Boiadeiro forrada s\/manga serve para proteger o usu\u00e1rio da chuva al\u00e9m de mante-lo seco durante per\u00edodos de mau tempo.","breadcrumb":{"@id":"https:\/\/selariarosario.com.br\/atacado\/produto\/capa-boiadeiro-forrada-s-manga-sr\/#breadcrumb"},"inLanguage":"pt-BR","potentialAction":[{"@type":"ReadAction","target":["https:\/\/selariarosario.com.br\/atacado\/produto\/capa-boiadeiro-forrada-s-manga-sr\/"]}]},{"@type":"BreadcrumbList","@id":"https:\/\/selariarosario.com.br\/atacado\/produto\/capa-boiadeiro-forrada-s-manga-sr\/#breadcrumb","itemListElement":[{"@type":"ListItem","position":1,"name":"In\u00edcio","item":"https:\/\/selariarosario.com.br\/atacado\/"},{"@type":"ListItem","position":2,"name":"Produtos","item":"https:\/\/selariarosario.com.br\/atacado\/produtos\/"},{"@type":"ListItem","position":3,"name":"Capa Boiadeiro forrada s\/manga SR"}]}]}},"_links":{"self":[{"href":"https:\/\/selariarosario.com.br\/atacado\/wp-json\/wp\/v2\/product\/1920"}],"collection":[{"href":"https:\/\/selariarosario.com.br\/atacado\/wp-json\/wp\/v2\/product"}],"about":[{"href":"https:\/\/selariarosario.com.br\/atacado\/wp-json\/wp\/v2\/types\/product"}],"wp:featuredmedia":[{"embeddable":true,"href":"https:\/\/selariarosario.com.br\/atacado\/wp-json\/wp\/v2\/media\/1537"}],"wp:attachment":[{"href":"https:\/\/selariarosario.com.br\/atacado\/wp-json\/wp\/v2\/media?parent=1920"}],"wp:term":[{"taxonomy":"product_cat","embeddable":true,"href":"https:\/\/selariarosario.com.br\/atacado\/wp-json\/wp\/v2\/product_cat?post=1920"},{"taxonomy":"product_tag","embeddable":true,"href":"https:\/\/selariarosario.com.br\/atacado\/wp-json\/wp\/v2\/product_tag?post=1920"}],"curies":[{"name":"wp","href":"https:\/\/api.w.org\/{rel}","templated":true}]}}