{"id":1933,"date":"2024-01-18T12:04:54","date_gmt":"2024-01-18T15:04:54","guid":{"rendered":"https:\/\/selariarosario.com.br\/atacado\/?post_type=product&#038;p=1933"},"modified":"2024-01-18T12:04:59","modified_gmt":"2024-01-18T15:04:59","slug":"rodo-raspador-enxugador-sr-2","status":"publish","type":"product","link":"https:\/\/selariarosario.com.br\/atacado\/produto\/rodo-raspador-enxugador-sr-2\/","title":{"rendered":"Rodo raspador enxugador SR"},"content":{"rendered":"<p>Rodo raspador enxugador SR<\/p>\n<p>Rodo raspador e enxugador para limpeza de crina e p\u00ealo de cavalo fabricada em ferro galvanizado, cabo pl\u00e1stico e rodo em borracha! Alta resist\u00eancia e durabilidade! Ideal para o manejo do seu cavalo, todas as ra\u00e7as.<\/p>\n<p>Qual a utilidade do rodo raspador para equinos?<\/p>\n<p>O rodo raspador para cavalo \u00e9 uma ferramenta utilizada para remover o excesso de sujeira, lama, cascos soltos e outros detritos dos cascos de cavalos. Ele \u00e9 \u00fatil para manter a higiene e sa\u00fade dos cascos dos animais, prevenindo doen\u00e7as e infec\u00e7\u00f5es. Al\u00e9m disso, o uso regular do rodo raspador tamb\u00e9m pode ajudar a evitar problemas de locomo\u00e7\u00e3o e desconforto para o cavalo.<\/p>\n<p>O banho deve fazer parte da rotina dos cavalos, respeitando as particularidades de cada ra\u00e7a e animal, para que essa a\u00e7\u00e3o possa levar benef\u00edcios \u00e0 sa\u00fade dele, sem qualquer risco de prejudic\u00e1-la.<\/p>\n<p>Cavalos que s\u00e3o atletas, ou os equinos em geral que enfrentam dias muitos quentes, especialmente os que atuam na lida do campo, recebem o banho como uma terapia que lhe proporciona bem-estar, auxiliando no resfriamento do corpo.<\/p>\n<p>E mais do que isso, o banho tem um papel importante na sa\u00fade dos cavalos, pois ajuda a manter sua higiene, al\u00e9m de prevenir diversos problemas de pele que o excesso de sujeira e p\u00f3 ajudam a desenvolver.<\/p>\n<p>Sentir a \u00e1gua fresca caindo em seu dorso colabora no relaxamento dos animais, melhorando a sua qualidade de vida.<\/p>\n<p>Mas esteja sempre atento para o momento certo de oferecer um banho aos cavalos, pois assim como a falta pode prejudic\u00e1-lo, o excesso tamb\u00e9m n\u00e3o \u00e9 recomendado.<\/p>\n<p>Avalie a necessidade de cada animal, a temperatura do lugar, a esta\u00e7\u00e3o do ano e, tendo d\u00favidas, siga a orienta\u00e7\u00e3o do veterin\u00e1rio que o acompanha e pode indicar os melhores momentos para um bom banho.<\/p>\n<h2 class=\"wp-block-heading\">Banho dos Cavalos<\/h2>\n<p>Se voc\u00ea n\u00e3o est\u00e1 acostumado a dar banho em cavalos, acompanhe as dicas para fazer isso da maneira mais eficiente e segura:<\/p>\n<ul>\n<li>Separe shampoo adequado para a esp\u00e9cie de cavalo, pente e\/ou escova, raspador de suor, mangueira, balde, esponja e limpador de casco;<\/li>\n<li>Para evitar acidentes, o banho deve acontecer em locais com piso adequado, com boa drenagem e sem o risco de escorreg\u00f5es;<\/li>\n<li>Cavalos que nunca tomaram banho podem se assustar e recuar, ent\u00e3o fique atento para que o cabresto n\u00e3o esteja amarrado e, caso necess\u00e1rio, pe\u00e7a a ajuda de algu\u00e9m para segurar a corda, deixando o animal mais seguro e sem o risco de se machucar;<\/li>\n<li>Limpe bem os cascos e a ranilha, assim as sujeiras aderidas a eles, como fezes, s\u00e3o devidamente eliminadas;<\/li>\n<li>Antes de molhar o corpo, escove o animal para tirar o excesso de sujeira, assim evita-se a forma\u00e7\u00e3o de lama e diminui a necessidade de shampoo e \u00e1gua;<\/li>\n<li>Comece o banho pelas pernas, assim o corpo do cavalo se acostuma com a temperatura da \u00e1gua, evitando o choque t\u00e9rmico. Lembrando que a \u00e1gua pode estar em temperatura ambiente;<\/li>\n<li>Remova as sujeiras que ficam entre as pernas, barriga e outras dobras da pele, assim evita-se as assaduras;<\/li>\n<li>Espalhe bem o shampoo pelo corpo do cavalo, massageie bem e, depois, enxague com aten\u00e7\u00e3o, tirando todo o produto. Na sequ\u00eancia, utilize o rodo raspador, nas partes livres, para remover o excesso de \u00e1gua;<\/li>\n<\/ul>\n<p>&nbsp;<\/p>\n<p>&nbsp;<\/p>\n<div class=\"central\"><\/div>\n<div class=\"central\">\n<div class=\"cln\">\n<div class=\"fotos\">\n<div class=\"mini slick-initialized slick-slider slick-vertical\">\n<div class=\"slick-list draggable\">\n<div class=\"slick-track\">\n<div class=\"item foto_0 slick-slide slick-current slick-active\" tabindex=\"0\" data-cor=\"119729\" data-sku=\"\" data-slick-index=\"0\" aria-hidden=\"false\"><\/div>\n<\/div>\n<\/div>\n<\/div>\n<div class=\"big slick-initialized slick-slider slick-dotted\">\n<div class=\"slick-list draggable\">\n<div class=\"slick-track\">\n<div id=\"slick-slide10\" class=\"item easyzoom easyzoom--overlay slick-slide slick-current slick-active is-ready\" tabindex=\"0\" role=\"tabpanel\" data-cor=\"119729\" data-slick-index=\"0\" aria-hidden=\"false\" aria-describedby=\"slick-slide-control10\"><\/div>\n<\/div>\n<\/div>\n<\/div>\n<\/div>\n<div class=\"descricao\">\n<div class=\"texto\">\n<p>&nbsp;<\/p>\n<\/div>\n<\/div>\n<\/div>\n<\/div>\n","protected":false},"excerpt":{"rendered":"<p>Rodo enxugador e raspador p equinos<\/p>\n","protected":false},"featured_media":1552,"template":"","meta":[],"product_cat":[35,51,60],"product_tag":[],"yoast_head":"<!-- This site is optimized with the Yoast SEO plugin v16.7 - https:\/\/yoast.com\/wordpress\/plugins\/seo\/ -->\n<title>Rodo raspador enxugador SR<\/title>\n<meta name=\"description\" content=\"Rodo raspador enxugador SR \u00e9 ideal para limpeza de crina e p\u00ealo de cavalo fabricada em ferro galvanizado, cabo pl\u00e1stico e rodo em borracha! Alta resist\u00eancia\" \/>\n<meta name=\"robots\" content=\"index, follow, max-snippet:-1, max-image-preview:large, max-video-preview:-1\" \/>\n<link rel=\"canonical\" href=\"https:\/\/selariarosario.com.br\/atacado\/produto\/rodo-raspador-enxugador-sr-2\/\" \/>\n<meta property=\"og:locale\" content=\"pt_BR\" \/>\n<meta property=\"og:type\" content=\"article\" \/>\n<meta property=\"og:title\" content=\"Rodo raspador enxugador SR\" \/>\n<meta property=\"og:description\" content=\"Rodo raspador enxugador SR \u00e9 ideal para limpeza de crina e p\u00ealo de cavalo fabricada em ferro galvanizado, cabo pl\u00e1stico e rodo em borracha! Alta resist\u00eancia\" \/>\n<meta property=\"og:url\" content=\"https:\/\/selariarosario.com.br\/atacado\/produto\/rodo-raspador-enxugador-sr-2\/\" \/>\n<meta property=\"og:site_name\" content=\"Selaria Rosario\" \/>\n<meta property=\"article:modified_time\" content=\"2024-01-18T15:04:59+00:00\" \/>\n<meta name=\"twitter:card\" content=\"summary_large_image\" \/>\n<meta name=\"twitter:label1\" content=\"Est. tempo de leitura\" \/>\n\t<meta name=\"twitter:data1\" content=\"3 minutos\" \/>\n<script type=\"application\/ld+json\" class=\"yoast-schema-graph\">{\"@context\":\"https:\/\/schema.org\",\"@graph\":[{\"@type\":\"WebSite\",\"@id\":\"https:\/\/selariarosario.com.br\/atacado\/#website\",\"url\":\"https:\/\/selariarosario.com.br\/atacado\/\",\"name\":\"Selaria Rosario\",\"description\":\"\",\"potentialAction\":[{\"@type\":\"SearchAction\",\"target\":{\"@type\":\"EntryPoint\",\"urlTemplate\":\"https:\/\/selariarosario.com.br\/atacado\/?s={search_term_string}\"},\"query-input\":\"required name=search_term_string\"}],\"inLanguage\":\"pt-BR\"},{\"@type\":\"ImageObject\",\"@id\":\"https:\/\/selariarosario.com.br\/atacado\/produto\/rodo-raspador-enxugador-sr-2\/#primaryimage\",\"inLanguage\":\"pt-BR\",\"url\":\"https:\/\/selariarosario.com.br\/atacado\/wp-content\/uploads\/2024\/01\/rodo-raspador-1.jpg\",\"contentUrl\":\"https:\/\/selariarosario.com.br\/atacado\/wp-content\/uploads\/2024\/01\/rodo-raspador-1.jpg\",\"width\":1200,\"height\":1200},{\"@type\":\"WebPage\",\"@id\":\"https:\/\/selariarosario.com.br\/atacado\/produto\/rodo-raspador-enxugador-sr-2\/#webpage\",\"url\":\"https:\/\/selariarosario.com.br\/atacado\/produto\/rodo-raspador-enxugador-sr-2\/\",\"name\":\"Rodo raspador enxugador SR\",\"isPartOf\":{\"@id\":\"https:\/\/selariarosario.com.br\/atacado\/#website\"},\"primaryImageOfPage\":{\"@id\":\"https:\/\/selariarosario.com.br\/atacado\/produto\/rodo-raspador-enxugador-sr-2\/#primaryimage\"},\"datePublished\":\"2024-01-18T15:04:54+00:00\",\"dateModified\":\"2024-01-18T15:04:59+00:00\",\"description\":\"Rodo raspador enxugador SR \\u00e9 ideal para limpeza de crina e p\\u00ealo de cavalo fabricada em ferro galvanizado, cabo pl\\u00e1stico e rodo em borracha! Alta resist\\u00eancia\",\"breadcrumb\":{\"@id\":\"https:\/\/selariarosario.com.br\/atacado\/produto\/rodo-raspador-enxugador-sr-2\/#breadcrumb\"},\"inLanguage\":\"pt-BR\",\"potentialAction\":[{\"@type\":\"ReadAction\",\"target\":[\"https:\/\/selariarosario.com.br\/atacado\/produto\/rodo-raspador-enxugador-sr-2\/\"]}]},{\"@type\":\"BreadcrumbList\",\"@id\":\"https:\/\/selariarosario.com.br\/atacado\/produto\/rodo-raspador-enxugador-sr-2\/#breadcrumb\",\"itemListElement\":[{\"@type\":\"ListItem\",\"position\":1,\"name\":\"In\\u00edcio\",\"item\":\"https:\/\/selariarosario.com.br\/atacado\/\"},{\"@type\":\"ListItem\",\"position\":2,\"name\":\"Produtos\",\"item\":\"https:\/\/selariarosario.com.br\/atacado\/produtos\/\"},{\"@type\":\"ListItem\",\"position\":3,\"name\":\"Rodo raspador enxugador SR\"}]}]}<\/script>\n<!-- \/ Yoast SEO plugin. -->","yoast_head_json":{"title":"Rodo raspador enxugador SR","description":"Rodo raspador enxugador SR \u00e9 ideal para limpeza de crina e p\u00ealo de cavalo fabricada em ferro galvanizado, cabo pl\u00e1stico e rodo em borracha! Alta resist\u00eancia","robots":{"index":"index","follow":"follow","max-snippet":"max-snippet:-1","max-image-preview":"max-image-preview:large","max-video-preview":"max-video-preview:-1"},"canonical":"https:\/\/selariarosario.com.br\/atacado\/produto\/rodo-raspador-enxugador-sr-2\/","og_locale":"pt_BR","og_type":"article","og_title":"Rodo raspador enxugador SR","og_description":"Rodo raspador enxugador SR \u00e9 ideal para limpeza de crina e p\u00ealo de cavalo fabricada em ferro galvanizado, cabo pl\u00e1stico e rodo em borracha! Alta resist\u00eancia","og_url":"https:\/\/selariarosario.com.br\/atacado\/produto\/rodo-raspador-enxugador-sr-2\/","og_site_name":"Selaria Rosario","article_modified_time":"2024-01-18T15:04:59+00:00","twitter_card":"summary_large_image","twitter_misc":{"Est. tempo de leitura":"3 minutos"},"schema":{"@context":"https:\/\/schema.org","@graph":[{"@type":"WebSite","@id":"https:\/\/selariarosario.com.br\/atacado\/#website","url":"https:\/\/selariarosario.com.br\/atacado\/","name":"Selaria Rosario","description":"","potentialAction":[{"@type":"SearchAction","target":{"@type":"EntryPoint","urlTemplate":"https:\/\/selariarosario.com.br\/atacado\/?s={search_term_string}"},"query-input":"required name=search_term_string"}],"inLanguage":"pt-BR"},{"@type":"ImageObject","@id":"https:\/\/selariarosario.com.br\/atacado\/produto\/rodo-raspador-enxugador-sr-2\/#primaryimage","inLanguage":"pt-BR","url":"https:\/\/selariarosario.com.br\/atacado\/wp-content\/uploads\/2024\/01\/rodo-raspador-1.jpg","contentUrl":"https:\/\/selariarosario.com.br\/atacado\/wp-content\/uploads\/2024\/01\/rodo-raspador-1.jpg","width":1200,"height":1200},{"@type":"WebPage","@id":"https:\/\/selariarosario.com.br\/atacado\/produto\/rodo-raspador-enxugador-sr-2\/#webpage","url":"https:\/\/selariarosario.com.br\/atacado\/produto\/rodo-raspador-enxugador-sr-2\/","name":"Rodo raspador enxugador SR","isPartOf":{"@id":"https:\/\/selariarosario.com.br\/atacado\/#website"},"primaryImageOfPage":{"@id":"https:\/\/selariarosario.com.br\/atacado\/produto\/rodo-raspador-enxugador-sr-2\/#primaryimage"},"datePublished":"2024-01-18T15:04:54+00:00","dateModified":"2024-01-18T15:04:59+00:00","description":"Rodo raspador enxugador SR \u00e9 ideal para limpeza de crina e p\u00ealo de cavalo fabricada em ferro galvanizado, cabo pl\u00e1stico e rodo em borracha! Alta resist\u00eancia","breadcrumb":{"@id":"https:\/\/selariarosario.com.br\/atacado\/produto\/rodo-raspador-enxugador-sr-2\/#breadcrumb"},"inLanguage":"pt-BR","potentialAction":[{"@type":"ReadAction","target":["https:\/\/selariarosario.com.br\/atacado\/produto\/rodo-raspador-enxugador-sr-2\/"]}]},{"@type":"BreadcrumbList","@id":"https:\/\/selariarosario.com.br\/atacado\/produto\/rodo-raspador-enxugador-sr-2\/#breadcrumb","itemListElement":[{"@type":"ListItem","position":1,"name":"In\u00edcio","item":"https:\/\/selariarosario.com.br\/atacado\/"},{"@type":"ListItem","position":2,"name":"Produtos","item":"https:\/\/selariarosario.com.br\/atacado\/produtos\/"},{"@type":"ListItem","position":3,"name":"Rodo raspador enxugador SR"}]}]}},"_links":{"self":[{"href":"https:\/\/selariarosario.com.br\/atacado\/wp-json\/wp\/v2\/product\/1933"}],"collection":[{"href":"https:\/\/selariarosario.com.br\/atacado\/wp-json\/wp\/v2\/product"}],"about":[{"href":"https:\/\/selariarosario.com.br\/atacado\/wp-json\/wp\/v2\/types\/product"}],"wp:featuredmedia":[{"embeddable":true,"href":"https:\/\/selariarosario.com.br\/atacado\/wp-json\/wp\/v2\/media\/1552"}],"wp:attachment":[{"href":"https:\/\/selariarosario.com.br\/atacado\/wp-json\/wp\/v2\/media?parent=1933"}],"wp:term":[{"taxonomy":"product_cat","embeddable":true,"href":"https:\/\/selariarosario.com.br\/atacado\/wp-json\/wp\/v2\/product_cat?post=1933"},{"taxonomy":"product_tag","embeddable":true,"href":"https:\/\/selariarosario.com.br\/atacado\/wp-json\/wp\/v2\/product_tag?post=1933"}],"curies":[{"name":"wp","href":"https:\/\/api.w.org\/{rel}","templated":true}]}}