{"id":2142,"date":"2024-01-18T12:06:27","date_gmt":"2024-01-18T15:06:27","guid":{"rendered":"https:\/\/selariarosario.com.br\/atacado\/?post_type=product&#038;p=2142"},"modified":"2024-01-18T12:06:32","modified_gmt":"2024-01-18T15:06:32","slug":"alforje-de-lona","status":"publish","type":"product","link":"https:\/\/selariarosario.com.br\/atacado\/produto\/alforje-de-lona\/","title":{"rendered":"Alforje de lona"},"content":{"rendered":"<p>Alforje confeccionado em lona com refor\u00e7o nas bordas e fechamento dos bolsos em velcro.<\/p>\n<p>Op\u00e7\u00f5es:marrom ,preto, amarelo<\/p>\n<h2>\u00a0Uma breve hist\u00f3ria e evolu\u00e7\u00e3o do alforje de lona<\/h2>\n<p>O alforje tem suas origens remotas, remontando ao tempo dos primeiros povos n\u00f4mades. Essas comunidades utilizavam bolsas rudimentares para carregar alimentos e outros objetos durante suas migra\u00e7\u00f5es. Com o passar do tempo, o alforje foi se aprimorando, ganhando formatos mais estruturados e sendo confeccionado com materiais mais resistentes, como o couro.<\/p>\n<p>Durante a Idade M\u00e9dia, o alforje se tornou uma pe\u00e7a fundamental para os viajantes e cavaleiros. Com a necessidade de transportar armaduras, mantimentos e outros itens essenciais, os alforjes eram utilizados tanto em viagens curtas quanto em jornadas mais longas, como as peregrina\u00e7\u00f5es religiosas. Nessa \u00e9poca, eles unidos \u00e0 sela dos cavalos\u00a0 por isso facilmente acessados pelos cavaleiros.<\/p>\n<h2>A import\u00e2ncia do alforje\u00a0 e sua utilidade<\/h2>\n<p>O alforje desempenhou um papel crucial na hist\u00f3ria da humanidade, porque foi\u00a0 um dos primeiros objetos a facilitar o transporte de suprimentos e objetos pessoais. Durante s\u00e9culos, os comerciantes, cavaleiros, peregrinos e viajantes de todas as classes o utilizaram. Por isso sua utilidade ao longo dos tempos foi inquestion\u00e1vel, pois al\u00e9m\u00a0 de carregar alimentos, bebidas e utens\u00edlios, o alforje tamb\u00e9m serviu para transportar documentos importantes, armas e at\u00e9 mesmo valores monet\u00e1rios. Sem ele as viagens seriam mais dif\u00edceis e menos seguras, uma que n\u00e3o haveria uma forma pr\u00e1tica de levar consigo os objetos necess\u00e1rios para a sobreviv\u00eancia.<\/p>\n","protected":false},"excerpt":{"rendered":"<p>Alforje confeccionado em lona com refor\u00e7o nas bordas e fechamento dos bolsos em velcro.<\/p>\n<p>Op\u00e7\u00f5es:marrom ,preto, amarelo<\/p>\n","protected":false},"featured_media":1823,"template":"","meta":[],"product_cat":[35,62,63],"product_tag":[],"yoast_head":"<!-- This site is optimized with the Yoast SEO plugin v16.7 - https:\/\/yoast.com\/wordpress\/plugins\/seo\/ -->\n<title>Alforje de lona SR<\/title>\n<meta name=\"description\" content=\"Alforje de lona SR\u00a0 \u00e9 um objeto que est\u00e1 presente na sociedade h\u00e1 s\u00e9culos,\u00a0 para carregar objetos e suprimentos durante as viagens.\" \/>\n<meta name=\"robots\" content=\"index, follow, max-snippet:-1, max-image-preview:large, max-video-preview:-1\" \/>\n<link rel=\"canonical\" href=\"https:\/\/selariarosario.com.br\/atacado\/produto\/alforje-de-lona\/\" \/>\n<meta property=\"og:locale\" content=\"pt_BR\" \/>\n<meta property=\"og:type\" content=\"article\" \/>\n<meta property=\"og:title\" content=\"Alforje de lona SR\" \/>\n<meta property=\"og:description\" content=\"Alforje de lona SR\u00a0 \u00e9 um objeto que est\u00e1 presente na sociedade h\u00e1 s\u00e9culos,\u00a0 para carregar objetos e suprimentos durante as viagens.\" \/>\n<meta property=\"og:url\" content=\"https:\/\/selariarosario.com.br\/atacado\/produto\/alforje-de-lona\/\" \/>\n<meta property=\"og:site_name\" content=\"Selaria Rosario\" \/>\n<meta property=\"article:modified_time\" content=\"2024-01-18T15:06:32+00:00\" \/>\n<meta name=\"twitter:card\" content=\"summary_large_image\" \/>\n<meta name=\"twitter:label1\" content=\"Est. tempo de leitura\" \/>\n\t<meta name=\"twitter:data1\" content=\"2 minutos\" \/>\n<script type=\"application\/ld+json\" class=\"yoast-schema-graph\">{\"@context\":\"https:\/\/schema.org\",\"@graph\":[{\"@type\":\"WebSite\",\"@id\":\"https:\/\/selariarosario.com.br\/atacado\/#website\",\"url\":\"https:\/\/selariarosario.com.br\/atacado\/\",\"name\":\"Selaria Rosario\",\"description\":\"\",\"potentialAction\":[{\"@type\":\"SearchAction\",\"target\":{\"@type\":\"EntryPoint\",\"urlTemplate\":\"https:\/\/selariarosario.com.br\/atacado\/?s={search_term_string}\"},\"query-input\":\"required name=search_term_string\"}],\"inLanguage\":\"pt-BR\"},{\"@type\":\"ImageObject\",\"@id\":\"https:\/\/selariarosario.com.br\/atacado\/produto\/alforje-de-lona\/#primaryimage\",\"inLanguage\":\"pt-BR\",\"url\":\"https:\/\/selariarosario.com.br\/atacado\/wp-content\/uploads\/2024\/01\/Alforge-de-lona.jpg\",\"contentUrl\":\"https:\/\/selariarosario.com.br\/atacado\/wp-content\/uploads\/2024\/01\/Alforge-de-lona.jpg\",\"width\":1200,\"height\":1200},{\"@type\":\"WebPage\",\"@id\":\"https:\/\/selariarosario.com.br\/atacado\/produto\/alforje-de-lona\/#webpage\",\"url\":\"https:\/\/selariarosario.com.br\/atacado\/produto\/alforje-de-lona\/\",\"name\":\"Alforje de lona SR\",\"isPartOf\":{\"@id\":\"https:\/\/selariarosario.com.br\/atacado\/#website\"},\"primaryImageOfPage\":{\"@id\":\"https:\/\/selariarosario.com.br\/atacado\/produto\/alforje-de-lona\/#primaryimage\"},\"datePublished\":\"2024-01-18T15:06:27+00:00\",\"dateModified\":\"2024-01-18T15:06:32+00:00\",\"description\":\"Alforje de lona SR\\u00a0 \\u00e9 um objeto que est\\u00e1 presente na sociedade h\\u00e1 s\\u00e9culos,\\u00a0 para carregar objetos e suprimentos durante as viagens.\",\"breadcrumb\":{\"@id\":\"https:\/\/selariarosario.com.br\/atacado\/produto\/alforje-de-lona\/#breadcrumb\"},\"inLanguage\":\"pt-BR\",\"potentialAction\":[{\"@type\":\"ReadAction\",\"target\":[\"https:\/\/selariarosario.com.br\/atacado\/produto\/alforje-de-lona\/\"]}]},{\"@type\":\"BreadcrumbList\",\"@id\":\"https:\/\/selariarosario.com.br\/atacado\/produto\/alforje-de-lona\/#breadcrumb\",\"itemListElement\":[{\"@type\":\"ListItem\",\"position\":1,\"name\":\"In\\u00edcio\",\"item\":\"https:\/\/selariarosario.com.br\/atacado\/\"},{\"@type\":\"ListItem\",\"position\":2,\"name\":\"Produtos\",\"item\":\"https:\/\/selariarosario.com.br\/atacado\/produtos\/\"},{\"@type\":\"ListItem\",\"position\":3,\"name\":\"Alforje de lona\"}]}]}<\/script>\n<!-- \/ Yoast SEO plugin. -->","yoast_head_json":{"title":"Alforje de lona SR","description":"Alforje de lona SR\u00a0 \u00e9 um objeto que est\u00e1 presente na sociedade h\u00e1 s\u00e9culos,\u00a0 para carregar objetos e suprimentos durante as viagens.","robots":{"index":"index","follow":"follow","max-snippet":"max-snippet:-1","max-image-preview":"max-image-preview:large","max-video-preview":"max-video-preview:-1"},"canonical":"https:\/\/selariarosario.com.br\/atacado\/produto\/alforje-de-lona\/","og_locale":"pt_BR","og_type":"article","og_title":"Alforje de lona SR","og_description":"Alforje de lona SR\u00a0 \u00e9 um objeto que est\u00e1 presente na sociedade h\u00e1 s\u00e9culos,\u00a0 para carregar objetos e suprimentos durante as viagens.","og_url":"https:\/\/selariarosario.com.br\/atacado\/produto\/alforje-de-lona\/","og_site_name":"Selaria Rosario","article_modified_time":"2024-01-18T15:06:32+00:00","twitter_card":"summary_large_image","twitter_misc":{"Est. tempo de leitura":"2 minutos"},"schema":{"@context":"https:\/\/schema.org","@graph":[{"@type":"WebSite","@id":"https:\/\/selariarosario.com.br\/atacado\/#website","url":"https:\/\/selariarosario.com.br\/atacado\/","name":"Selaria Rosario","description":"","potentialAction":[{"@type":"SearchAction","target":{"@type":"EntryPoint","urlTemplate":"https:\/\/selariarosario.com.br\/atacado\/?s={search_term_string}"},"query-input":"required name=search_term_string"}],"inLanguage":"pt-BR"},{"@type":"ImageObject","@id":"https:\/\/selariarosario.com.br\/atacado\/produto\/alforje-de-lona\/#primaryimage","inLanguage":"pt-BR","url":"https:\/\/selariarosario.com.br\/atacado\/wp-content\/uploads\/2024\/01\/Alforge-de-lona.jpg","contentUrl":"https:\/\/selariarosario.com.br\/atacado\/wp-content\/uploads\/2024\/01\/Alforge-de-lona.jpg","width":1200,"height":1200},{"@type":"WebPage","@id":"https:\/\/selariarosario.com.br\/atacado\/produto\/alforje-de-lona\/#webpage","url":"https:\/\/selariarosario.com.br\/atacado\/produto\/alforje-de-lona\/","name":"Alforje de lona SR","isPartOf":{"@id":"https:\/\/selariarosario.com.br\/atacado\/#website"},"primaryImageOfPage":{"@id":"https:\/\/selariarosario.com.br\/atacado\/produto\/alforje-de-lona\/#primaryimage"},"datePublished":"2024-01-18T15:06:27+00:00","dateModified":"2024-01-18T15:06:32+00:00","description":"Alforje de lona SR\u00a0 \u00e9 um objeto que est\u00e1 presente na sociedade h\u00e1 s\u00e9culos,\u00a0 para carregar objetos e suprimentos durante as viagens.","breadcrumb":{"@id":"https:\/\/selariarosario.com.br\/atacado\/produto\/alforje-de-lona\/#breadcrumb"},"inLanguage":"pt-BR","potentialAction":[{"@type":"ReadAction","target":["https:\/\/selariarosario.com.br\/atacado\/produto\/alforje-de-lona\/"]}]},{"@type":"BreadcrumbList","@id":"https:\/\/selariarosario.com.br\/atacado\/produto\/alforje-de-lona\/#breadcrumb","itemListElement":[{"@type":"ListItem","position":1,"name":"In\u00edcio","item":"https:\/\/selariarosario.com.br\/atacado\/"},{"@type":"ListItem","position":2,"name":"Produtos","item":"https:\/\/selariarosario.com.br\/atacado\/produtos\/"},{"@type":"ListItem","position":3,"name":"Alforje de lona"}]}]}},"_links":{"self":[{"href":"https:\/\/selariarosario.com.br\/atacado\/wp-json\/wp\/v2\/product\/2142"}],"collection":[{"href":"https:\/\/selariarosario.com.br\/atacado\/wp-json\/wp\/v2\/product"}],"about":[{"href":"https:\/\/selariarosario.com.br\/atacado\/wp-json\/wp\/v2\/types\/product"}],"wp:featuredmedia":[{"embeddable":true,"href":"https:\/\/selariarosario.com.br\/atacado\/wp-json\/wp\/v2\/media\/1823"}],"wp:attachment":[{"href":"https:\/\/selariarosario.com.br\/atacado\/wp-json\/wp\/v2\/media?parent=2142"}],"wp:term":[{"taxonomy":"product_cat","embeddable":true,"href":"https:\/\/selariarosario.com.br\/atacado\/wp-json\/wp\/v2\/product_cat?post=2142"},{"taxonomy":"product_tag","embeddable":true,"href":"https:\/\/selariarosario.com.br\/atacado\/wp-json\/wp\/v2\/product_tag?post=2142"}],"curies":[{"name":"wp","href":"https:\/\/api.w.org\/{rel}","templated":true}]}}