{"id":2171,"date":"2024-01-18T12:06:42","date_gmt":"2024-01-18T15:06:42","guid":{"rendered":"https:\/\/selariarosario.com.br\/atacado\/?post_type=product&#038;p=2171"},"modified":"2024-01-18T12:06:51","modified_gmt":"2024-01-18T15:06:51","slug":"arreio-cutiano-tradicional-luxo-rosario","status":"publish","type":"product","link":"https:\/\/selariarosario.com.br\/atacado\/produto\/arreio-cutiano-tradicional-luxo-rosario\/","title":{"rendered":"Arreio Cutiano Tradicional Luxo Ros\u00e1rio"},"content":{"rendered":"<h4>Cutiano Tradicional: vers\u00e1til e resistente<\/h4>\n<p>O Arreio Cutiano Tradicional \u00e9 uma op\u00e7\u00e3o de arreio muito popular para quem trabalha no campo e precisa eventualmente de um equipamento resistente. Esse tipo de arreio \u00e9 muito vers\u00e1til, pois permite uma s\u00e9rie de regulagens para se adequar a tanto a diferentes tamanhos e formatos de cavalos como diferentes tipos de trabalho. Com isso, o Arreio Cutiano \u00e9 muito popular entre os cavaleiros e vaqueiros que trabalham tanto com cavalos de sela e animais de tra\u00e7\u00e3o. Cutiano Tradicional: vers\u00e1til e resistente.<\/p>\n<p>Um dos principais benef\u00edcios do Arreio Cutiano \u00e9 a sua estrutura robusta, que garante seguran\u00e7a e estabilidade para o cavaleiro durante as atividades di\u00e1rias. O assento seco, com costuras em couro cru oferece conforto ao cavaleiro durante longas jornadas de trabalho. Da mesma forma, os suadores em camur\u00e7a ajudam a evitar pisaduras e movimentos indesejados da montaria.<\/p>\n<p>As ferragens em metal niquelado tamb\u00e9m s\u00e3o uma vantagem, pois s\u00e3o resistentes \u00e0 corros\u00e3o e dur\u00e1veis. As meias argolas na dianteira e traseira do arreio permitem a fixa\u00e7\u00e3o de acess\u00f3rios importantes, assim como o peitoral e a capoteira, essenciais para garantir a seguran\u00e7a do cavaleiro e do animal durante as atividades.<\/p>\n<h4>Versatilidade no campo<\/h4>\n<p>Al\u00e9m disso, a facilidade de regulagem do Arreio Cutiano Tradicional \u00e9 uma grande vantagem, pois permite que o equipamento seja ajustado de acordo com as necessidades de cada cavalo e de cada tarefa a ser realizada. Isso \u00e9 importante para quem trabalha com diferentes tipo de montaria, pois cada animal tem suas pr\u00f3prias caracter\u00edsticas e necessidades espec\u00edficas.<\/p>\n<p>No geral, o Arreio Cutiano Tradicional \u00e9 uma excelente op\u00e7\u00e3o para quem busca um equipamento dur\u00e1vel, confort\u00e1vel e vers\u00e1til para o trabalho di\u00e1rio no campo. Com suas regulagens precisas, esse arreio pode ser usado em diferentes ra\u00e7as de montaria e \u00e9 uma escolha popular entre vaqueiros e cavaleiros experientes. Cutiano Tradicional: vers\u00e1til e resistente.<\/p>\n<p>Acompanhamento do produto:<\/p>\n<p>2 prs de l\u00e1tegos e contral\u00e1tegos<br \/>\n1 pr de estribos de alum\u00ednio com couro<br \/>\n1\u00a0 pr\u00a0 barrigueira\u00a0 + cilha de l\u00e3 com inox<br \/>\nFerragens: metal niquelado<\/p>\n<p>Tamanho : 16 polegadas<br \/>\nPeso aproximado: 12 kg<\/p>\n","protected":false},"excerpt":{"rendered":"<p>Arreio Cutiano Tradicional \u00e9 uma op\u00e7\u00e3o de arreio muito popular para quem trabalha no campo e precisa eventualmente de um equipamento resistente. Esse tipo de arreio \u00e9 muito vers\u00e1til, pois permite uma s\u00e9rie de regulagens para se adequar a tanto a diferentes tamanhos e formatos de cavalos como diferentes tipos de trabalho. Com isso, o Arreio Cutiano \u00e9 muito popular entre os cavaleiros e vaqueiros que trabalham tanto com cavalos de sela e animais de tra\u00e7\u00e3o. Cutiano Tradicional: vers\u00e1til e resistente.<\/p>\n<p>Um dos principais benef\u00edcios do Arreio Cutiano \u00e9 a sua estrutura robusta, que garante seguran\u00e7a e estabilidade para o cavaleiro durante as atividades di\u00e1rias. O assento seco, com costuras em couro cru oferece conforto ao cavaleiro durante longas jornadas de trabalho. Da mesma forma, os suadores em camur\u00e7a ajudam a evitar pisaduras e movimentos indesejados da montaria.<\/p>\n<p>As ferragens em metal niquelado tamb\u00e9m s\u00e3o uma vantagem, pois s\u00e3o resistentes \u00e0 corros\u00e3o e dur\u00e1veis. As meias argolas na dianteira e traseira do arreio permitem a fixa\u00e7\u00e3o de acess\u00f3rios importantes, assim como o peitoral e a capoteira, essenciais para garantir a seguran\u00e7a do cavaleiro e do animal durante as atividades.<\/p>\n","protected":false},"featured_media":2201,"template":"","meta":[],"product_cat":[22,18,17],"product_tag":[92,93,98,99,100,103],"yoast_head":"<!-- This site is optimized with the Yoast SEO plugin v16.7 - https:\/\/yoast.com\/wordpress\/plugins\/seo\/ -->\n<title>Cutiano Tradicional: vers\u00e1til e resistente - Selaria Rosario<\/title>\n<meta name=\"description\" content=\"Arreio Cutiano Tradicional Ros\u00e1rio \u00e9 ideal para o todo tipo de trabalho e nos momentos de lazer. Cutiano Tradicional: vers\u00e1til e resistente\" \/>\n<meta name=\"robots\" content=\"index, follow, max-snippet:-1, max-image-preview:large, max-video-preview:-1\" \/>\n<link rel=\"canonical\" href=\"https:\/\/selariarosario.com.br\/atacado\/produto\/arreio-cutiano-tradicional-luxo-rosario\/\" \/>\n<meta property=\"og:locale\" content=\"pt_BR\" \/>\n<meta property=\"og:type\" content=\"article\" \/>\n<meta property=\"og:title\" content=\"Cutiano Tradicional: vers\u00e1til e resistente - Selaria Rosario\" \/>\n<meta property=\"og:description\" content=\"Arreio Cutiano Tradicional Ros\u00e1rio \u00e9 ideal para o todo tipo de trabalho e nos momentos de lazer. Cutiano Tradicional: vers\u00e1til e resistente\" \/>\n<meta property=\"og:url\" content=\"https:\/\/selariarosario.com.br\/atacado\/produto\/arreio-cutiano-tradicional-luxo-rosario\/\" \/>\n<meta property=\"og:site_name\" content=\"Selaria Rosario\" \/>\n<meta property=\"article:modified_time\" content=\"2024-01-18T15:06:51+00:00\" \/>\n<meta name=\"twitter:card\" content=\"summary_large_image\" \/>\n<meta name=\"twitter:label1\" content=\"Est. tempo de leitura\" \/>\n\t<meta name=\"twitter:data1\" content=\"2 minutos\" \/>\n<script type=\"application\/ld+json\" class=\"yoast-schema-graph\">{\"@context\":\"https:\/\/schema.org\",\"@graph\":[{\"@type\":\"WebSite\",\"@id\":\"https:\/\/selariarosario.com.br\/atacado\/#website\",\"url\":\"https:\/\/selariarosario.com.br\/atacado\/\",\"name\":\"Selaria Rosario\",\"description\":\"\",\"potentialAction\":[{\"@type\":\"SearchAction\",\"target\":{\"@type\":\"EntryPoint\",\"urlTemplate\":\"https:\/\/selariarosario.com.br\/atacado\/?s={search_term_string}\"},\"query-input\":\"required name=search_term_string\"}],\"inLanguage\":\"pt-BR\"},{\"@type\":\"ImageObject\",\"@id\":\"https:\/\/selariarosario.com.br\/atacado\/produto\/arreio-cutiano-tradicional-luxo-rosario\/#primaryimage\",\"inLanguage\":\"pt-BR\",\"url\":\"https:\/\/selariarosario.com.br\/atacado\/wp-content\/uploads\/2024\/01\/CUTIANO-PRETO.jpg\",\"contentUrl\":\"https:\/\/selariarosario.com.br\/atacado\/wp-content\/uploads\/2024\/01\/CUTIANO-PRETO.jpg\",\"width\":1200,\"height\":1200},{\"@type\":\"WebPage\",\"@id\":\"https:\/\/selariarosario.com.br\/atacado\/produto\/arreio-cutiano-tradicional-luxo-rosario\/#webpage\",\"url\":\"https:\/\/selariarosario.com.br\/atacado\/produto\/arreio-cutiano-tradicional-luxo-rosario\/\",\"name\":\"Cutiano Tradicional: vers\\u00e1til e resistente - Selaria Rosario\",\"isPartOf\":{\"@id\":\"https:\/\/selariarosario.com.br\/atacado\/#website\"},\"primaryImageOfPage\":{\"@id\":\"https:\/\/selariarosario.com.br\/atacado\/produto\/arreio-cutiano-tradicional-luxo-rosario\/#primaryimage\"},\"datePublished\":\"2024-01-18T15:06:42+00:00\",\"dateModified\":\"2024-01-18T15:06:51+00:00\",\"description\":\"Arreio Cutiano Tradicional Ros\\u00e1rio \\u00e9 ideal para o todo tipo de trabalho e nos momentos de lazer. Cutiano Tradicional: vers\\u00e1til e resistente\",\"breadcrumb\":{\"@id\":\"https:\/\/selariarosario.com.br\/atacado\/produto\/arreio-cutiano-tradicional-luxo-rosario\/#breadcrumb\"},\"inLanguage\":\"pt-BR\",\"potentialAction\":[{\"@type\":\"ReadAction\",\"target\":[\"https:\/\/selariarosario.com.br\/atacado\/produto\/arreio-cutiano-tradicional-luxo-rosario\/\"]}]},{\"@type\":\"BreadcrumbList\",\"@id\":\"https:\/\/selariarosario.com.br\/atacado\/produto\/arreio-cutiano-tradicional-luxo-rosario\/#breadcrumb\",\"itemListElement\":[{\"@type\":\"ListItem\",\"position\":1,\"name\":\"In\\u00edcio\",\"item\":\"https:\/\/selariarosario.com.br\/atacado\/\"},{\"@type\":\"ListItem\",\"position\":2,\"name\":\"Produtos\",\"item\":\"https:\/\/selariarosario.com.br\/atacado\/produtos\/\"},{\"@type\":\"ListItem\",\"position\":3,\"name\":\"Arreio Cutiano Tradicional Luxo Ros\\u00e1rio\"}]}]}<\/script>\n<!-- \/ Yoast SEO plugin. -->","yoast_head_json":{"title":"Cutiano Tradicional: vers\u00e1til e resistente - Selaria Rosario","description":"Arreio Cutiano Tradicional Ros\u00e1rio \u00e9 ideal para o todo tipo de trabalho e nos momentos de lazer. Cutiano Tradicional: vers\u00e1til e resistente","robots":{"index":"index","follow":"follow","max-snippet":"max-snippet:-1","max-image-preview":"max-image-preview:large","max-video-preview":"max-video-preview:-1"},"canonical":"https:\/\/selariarosario.com.br\/atacado\/produto\/arreio-cutiano-tradicional-luxo-rosario\/","og_locale":"pt_BR","og_type":"article","og_title":"Cutiano Tradicional: vers\u00e1til e resistente - Selaria Rosario","og_description":"Arreio Cutiano Tradicional Ros\u00e1rio \u00e9 ideal para o todo tipo de trabalho e nos momentos de lazer. Cutiano Tradicional: vers\u00e1til e resistente","og_url":"https:\/\/selariarosario.com.br\/atacado\/produto\/arreio-cutiano-tradicional-luxo-rosario\/","og_site_name":"Selaria Rosario","article_modified_time":"2024-01-18T15:06:51+00:00","twitter_card":"summary_large_image","twitter_misc":{"Est. tempo de leitura":"2 minutos"},"schema":{"@context":"https:\/\/schema.org","@graph":[{"@type":"WebSite","@id":"https:\/\/selariarosario.com.br\/atacado\/#website","url":"https:\/\/selariarosario.com.br\/atacado\/","name":"Selaria Rosario","description":"","potentialAction":[{"@type":"SearchAction","target":{"@type":"EntryPoint","urlTemplate":"https:\/\/selariarosario.com.br\/atacado\/?s={search_term_string}"},"query-input":"required name=search_term_string"}],"inLanguage":"pt-BR"},{"@type":"ImageObject","@id":"https:\/\/selariarosario.com.br\/atacado\/produto\/arreio-cutiano-tradicional-luxo-rosario\/#primaryimage","inLanguage":"pt-BR","url":"https:\/\/selariarosario.com.br\/atacado\/wp-content\/uploads\/2024\/01\/CUTIANO-PRETO.jpg","contentUrl":"https:\/\/selariarosario.com.br\/atacado\/wp-content\/uploads\/2024\/01\/CUTIANO-PRETO.jpg","width":1200,"height":1200},{"@type":"WebPage","@id":"https:\/\/selariarosario.com.br\/atacado\/produto\/arreio-cutiano-tradicional-luxo-rosario\/#webpage","url":"https:\/\/selariarosario.com.br\/atacado\/produto\/arreio-cutiano-tradicional-luxo-rosario\/","name":"Cutiano Tradicional: vers\u00e1til e resistente - Selaria Rosario","isPartOf":{"@id":"https:\/\/selariarosario.com.br\/atacado\/#website"},"primaryImageOfPage":{"@id":"https:\/\/selariarosario.com.br\/atacado\/produto\/arreio-cutiano-tradicional-luxo-rosario\/#primaryimage"},"datePublished":"2024-01-18T15:06:42+00:00","dateModified":"2024-01-18T15:06:51+00:00","description":"Arreio Cutiano Tradicional Ros\u00e1rio \u00e9 ideal para o todo tipo de trabalho e nos momentos de lazer. Cutiano Tradicional: vers\u00e1til e resistente","breadcrumb":{"@id":"https:\/\/selariarosario.com.br\/atacado\/produto\/arreio-cutiano-tradicional-luxo-rosario\/#breadcrumb"},"inLanguage":"pt-BR","potentialAction":[{"@type":"ReadAction","target":["https:\/\/selariarosario.com.br\/atacado\/produto\/arreio-cutiano-tradicional-luxo-rosario\/"]}]},{"@type":"BreadcrumbList","@id":"https:\/\/selariarosario.com.br\/atacado\/produto\/arreio-cutiano-tradicional-luxo-rosario\/#breadcrumb","itemListElement":[{"@type":"ListItem","position":1,"name":"In\u00edcio","item":"https:\/\/selariarosario.com.br\/atacado\/"},{"@type":"ListItem","position":2,"name":"Produtos","item":"https:\/\/selariarosario.com.br\/atacado\/produtos\/"},{"@type":"ListItem","position":3,"name":"Arreio Cutiano Tradicional Luxo Ros\u00e1rio"}]}]}},"_links":{"self":[{"href":"https:\/\/selariarosario.com.br\/atacado\/wp-json\/wp\/v2\/product\/2171"}],"collection":[{"href":"https:\/\/selariarosario.com.br\/atacado\/wp-json\/wp\/v2\/product"}],"about":[{"href":"https:\/\/selariarosario.com.br\/atacado\/wp-json\/wp\/v2\/types\/product"}],"wp:featuredmedia":[{"embeddable":true,"href":"https:\/\/selariarosario.com.br\/atacado\/wp-json\/wp\/v2\/media\/2201"}],"wp:attachment":[{"href":"https:\/\/selariarosario.com.br\/atacado\/wp-json\/wp\/v2\/media?parent=2171"}],"wp:term":[{"taxonomy":"product_cat","embeddable":true,"href":"https:\/\/selariarosario.com.br\/atacado\/wp-json\/wp\/v2\/product_cat?post=2171"},{"taxonomy":"product_tag","embeddable":true,"href":"https:\/\/selariarosario.com.br\/atacado\/wp-json\/wp\/v2\/product_tag?post=2171"}],"curies":[{"name":"wp","href":"https:\/\/api.w.org\/{rel}","templated":true}]}}